CRAN Package Check Results for Package bigergm

Last updated on 2024-06-17 19:51:26 CEST.

Flavor Version Tinstall Tcheck Ttotal Status Flags
r-devel-linux-x86_64-debian-clang 1.2.0 130.30 428.69 558.99 OK
r-devel-linux-x86_64-debian-gcc 1.2.1 98.92 348.10 447.02 OK
r-devel-linux-x86_64-fedora-clang 1.2.1 780.65 OK
r-devel-linux-x86_64-fedora-gcc 1.2.1 756.07 OK
r-devel-windows-x86_64 1.2.1 114.00 330.00 444.00 OK
r-patched-linux-x86_64 1.2.0 119.96 421.63 541.59 OK
r-release-linux-x86_64 1.2.1 88.74 439.09 527.83 OK
r-release-macos-arm64 1.2.1 200.00 NOTE
r-release-macos-x86_64 1.2.1 469.00 NOTE
r-release-windows-x86_64 1.2.1 108.00 319.00 427.00 OK
r-oldrel-macos-arm64 1.2.1 237.00 NOTE
r-oldrel-macos-x86_64 1.2.1 419.00 NOTE
r-oldrel-windows-x86_64 1.2.1 132.00 429.00 561.00 OK

Check Details

Version: 1.2.1
Check: installed package size
Result: NOTE installed size is 8.4Mb sub-directories of 1Mb or more: data 1.4Mb libs 6.0Mb Flavors: r-release-macos-arm64, r-release-macos-x86_64, r-oldrel-macos-arm64, r-oldrel-macos-x86_64