CRAN Package Check Results for Package bayesZIB

Last updated on 2024-06-25 09:53:45 CEST.

Flavor Version Tinstall Tcheck Ttotal Status Flags
r-devel-linux-x86_64-debian-clang 0.0.5 182.57 131.10 313.67 NOTE
r-devel-linux-x86_64-debian-gcc 0.0.5 135.73 102.79 238.52 NOTE
r-devel-linux-x86_64-fedora-clang 0.0.5 380.17 NOTE
r-devel-linux-x86_64-fedora-gcc 0.0.5 457.39 NOTE
r-devel-windows-x86_64 0.0.5 144.00 129.00 273.00 NOTE
r-patched-linux-x86_64 0.0.5 111.23 135.93 247.16 NOTE
r-release-linux-x86_64 0.0.5 0.05 2.06 2.11 ERROR
r-release-macos-arm64 0.0.5 92.00 NOTE
r-release-macos-x86_64 0.0.5 140.00 NOTE
r-release-windows-x86_64 0.0.5 142.00 127.00 269.00 NOTE
r-oldrel-macos-arm64 0.0.5 159.00 NOTE
r-oldrel-macos-x86_64 0.0.5 373.00 NOTE
r-oldrel-windows-x86_64 0.0.5 173.00 149.00 322.00 NOTE

Check Details

Version: 0.0.5
Check: for GNU extensions in Makefiles
Result: NOTE GNU make is a SystemRequirements. Flavors: r-devel-linux-x86_64-debian-clang, r-devel-linux-x86_64-debian-gcc, r-devel-linux-x86_64-fedora-clang, r-devel-linux-x86_64-fedora-gcc, r-devel-windows-x86_64, r-patched-linux-x86_64, r-release-macos-arm64, r-release-macos-x86_64, r-release-windows-x86_64, r-oldrel-macos-arm64, r-oldrel-macos-x86_64, r-oldrel-windows-x86_64

Version: 0.0.5
Check: whether package can be installed
Result: ERROR Installation failed. Flavor: r-release-linux-x86_64

Version: 0.0.5
Check: installed package size
Result: NOTE installed size is 39.3Mb sub-directories of 1Mb or more: libs 39.1Mb Flavors: r-release-macos-arm64, r-release-macos-x86_64, r-oldrel-macos-arm64, r-oldrel-macos-x86_64