CRAN Package Check Results for Package bartMan

Last updated on 2024-06-12 19:54:11 CEST.

Flavor Version Tinstall Tcheck Ttotal Status Flags
r-devel-linux-x86_64-debian-clang 0.1.0 25.63 199.01 224.64 OK
r-devel-linux-x86_64-debian-gcc 0.1.0 0.41 1.63 2.04 ERROR
r-devel-linux-x86_64-fedora-clang 0.1.0 294.03 NOTE
r-devel-linux-x86_64-fedora-gcc 0.1.0 263.76 OK
r-devel-windows-x86_64 0.1.0 21.00 158.00 179.00 OK
r-patched-linux-x86_64 0.1.0 20.03 191.31 211.34 OK
r-release-linux-x86_64 0.1.0 15.89 186.66 202.55 OK
r-release-macos-arm64 0.1.0 69.00 OK
r-release-macos-x86_64 0.1.0 115.00 OK
r-release-windows-x86_64 0.1.0 20.00 159.00 179.00 OK
r-oldrel-macos-arm64 0.1.0 80.00 OK
r-oldrel-macos-x86_64 0.1.0 208.00 OK
r-oldrel-windows-x86_64 0.1.0 28.00 215.00 243.00 OK

Check Details

Version: 0.1.0
Check: package dependencies
Result: ERROR Packages required but not available: 'cowplot', 'dplyr', 'ggiraph', 'ggnewscale', 'ggplot2', 'ggraph', 'igraph', 'patchwork', 'purrr', 'tidybayes', 'tidygraph', 'tidyr', 'tidytreatment', 'tibble' Packages suggested but not available for checking: 'ggridges', 'ggforce', 'lvplot' See section ‘The DESCRIPTION file’ in the ‘Writing R Extensions’ manual. Flavor: r-devel-linux-x86_64-debian-gcc

Version: 0.1.0
Check: package dependencies
Result: NOTE Imports includes 25 non-default packages. Importing from so many packages makes the package vulnerable to any of them becoming unavailable. Move as many as possible to Suggests and use conditionally. Flavor: r-devel-linux-x86_64-fedora-clang