CRAN Package Check Results for Package aws.lambda

Last updated on 2024-07-20 08:49:36 CEST.

Flavor Version Tinstall Tcheck Ttotal Status Flags
r-devel-linux-x86_64-debian-clang 0.2.0 2.85 27.70 30.55 NOTE
r-devel-linux-x86_64-debian-gcc 0.2.0 1.95 21.42 23.37 NOTE
r-devel-linux-x86_64-fedora-clang 0.2.0 38.92 NOTE
r-devel-linux-x86_64-fedora-gcc 0.2.0 35.90 NOTE
r-devel-windows-x86_64 0.2.0 6.00 62.00 68.00 NOTE
r-patched-linux-x86_64 0.2.0 2.48 26.25 28.73 NOTE
r-release-linux-x86_64 0.2.0 2.74 26.53 29.27 NOTE
r-release-macos-arm64 0.2.0 18.00 NOTE
r-release-macos-x86_64 0.2.0 25.00 NOTE
r-release-windows-x86_64 0.2.0 6.00 62.00 68.00 NOTE
r-oldrel-macos-arm64 0.2.0 22.00 NOTE
r-oldrel-macos-x86_64 0.2.0 24.00 NOTE
r-oldrel-windows-x86_64 0.2.0 6.00 62.00 68.00 NOTE

Check Details

Version: 0.2.0
Check: LazyData
Result: NOTE 'LazyData' is specified without a 'data' directory Flavors: r-devel-linux-x86_64-debian-clang, r-devel-linux-x86_64-debian-gcc, r-devel-linux-x86_64-fedora-clang, r-devel-linux-x86_64-fedora-gcc, r-devel-windows-x86_64, r-patched-linux-x86_64, r-release-linux-x86_64, r-release-macos-arm64, r-release-macos-x86_64, r-release-windows-x86_64, r-oldrel-macos-arm64, r-oldrel-macos-x86_64, r-oldrel-windows-x86_64