CRAN Package Check Results for Package auctestr

Last updated on 2024-05-18 07:48:55 CEST.

Flavor Version Tinstall Tcheck Ttotal Status Flags
r-devel-linux-x86_64-debian-clang 1.0.0 4.49 49.43 53.92 OK
r-devel-linux-x86_64-debian-gcc 1.0.0 3.91 37.30 41.21 OK
r-devel-linux-x86_64-fedora-clang 1.0.0 73.57 NOTE
r-devel-linux-x86_64-fedora-gcc 1.0.0 100.76 NOTE
r-devel-windows-x86_64 1.0.0 5.00 58.00 63.00 OK
r-patched-linux-x86_64 1.0.0 4.55 45.84 50.39 OK
r-release-linux-x86_64 1.0.0 4.37 46.99 51.36 OK
r-release-macos-arm64 1.0.0 30.00 OK
r-release-windows-x86_64 1.0.0 7.00 60.00 67.00 OK
r-oldrel-macos-arm64 1.0.0 29.00 OK
r-oldrel-macos-x86_64 1.0.0 46.00 OK
r-oldrel-windows-x86_64 1.0.0 7.00 65.00 72.00 OK

Check Details

Version: 1.0.0
Check: dependencies in R code
Result: NOTE Namespace in Imports field not imported from: ‘tidyr’ All declared Imports should be used. Flavors: r-devel-linux-x86_64-fedora-clang, r-devel-linux-x86_64-fedora-gcc