CRAN Package Check Results for Package auctestr

Last updated on 2025-01-17 07:49:07 CET.

Flavor Version Tinstall Tcheck Ttotal Status Flags
r-devel-linux-x86_64-debian-clang 1.0.0 3.73 38.49 42.22 OK
r-devel-linux-x86_64-debian-gcc 1.0.0 2.70 28.48 31.18 OK
r-devel-linux-x86_64-fedora-clang 1.0.0 70.49 NOTE
r-devel-windows-x86_64 1.0.0 8.00 58.00 66.00 OK
r-patched-linux-x86_64 1.0.0 4.05 36.01 40.06 OK
r-release-linux-x86_64 1.0.0 3.70 35.73 39.43 OK
r-release-macos-arm64 1.0.0 30.00 OK
r-release-macos-x86_64 1.0.0 44.00 OK
r-release-windows-x86_64 1.0.0 5.00 57.00 62.00 OK
r-oldrel-macos-arm64 1.0.0 29.00 OK
r-oldrel-macos-x86_64 1.0.0 46.00 OK
r-oldrel-windows-x86_64 1.0.0 8.00 61.00 69.00 OK

Check Details

Version: 1.0.0
Check: dependencies in R code
Result: NOTE Namespace in Imports field not imported from: ‘tidyr’ All declared Imports should be used. Flavor: r-devel-linux-x86_64-fedora-clang