CRAN Package Check Results for Package attenuation

Last updated on 2024-05-19 19:53:00 CEST.

Flavor Version Tinstall Tcheck Ttotal Status Flags
r-devel-linux-x86_64-debian-clang 1.0.0 2.82 41.56 44.38 NOTE
r-devel-linux-x86_64-debian-gcc 1.0.0 2.04 28.58 30.62 NOTE
r-devel-linux-x86_64-fedora-clang 1.0.0 55.62 NOTE
r-devel-linux-x86_64-fedora-gcc 1.0.0 53.27 NOTE
r-devel-windows-x86_64 1.0.0 2.00 47.00 49.00 NOTE
r-patched-linux-x86_64 1.0.0 2.16 39.09 41.25 NOTE
r-release-linux-x86_64 1.0.0 2.61 38.05 40.66 NOTE
r-release-macos-arm64 1.0.0 17.00 NOTE
r-release-windows-x86_64 1.0.0 3.00 48.00 51.00 NOTE
r-oldrel-macos-arm64 1.0.0 20.00 NOTE
r-oldrel-macos-x86_64 1.0.0 26.00 NOTE
r-oldrel-windows-x86_64 1.0.0 4.00 52.00 56.00 NOTE

Check Details

Version: 1.0.0
Check: LazyData
Result: NOTE 'LazyData' is specified without a 'data' directory Flavors: r-devel-linux-x86_64-debian-clang, r-devel-linux-x86_64-debian-gcc, r-devel-linux-x86_64-fedora-clang, r-devel-linux-x86_64-fedora-gcc, r-devel-windows-x86_64, r-patched-linux-x86_64, r-release-linux-x86_64, r-release-macos-arm64, r-release-windows-x86_64, r-oldrel-macos-arm64, r-oldrel-macos-x86_64, r-oldrel-windows-x86_64