Last updated on 2023-01-30 09:34:58 CET.
Flavor | Version | Tinstall | Tcheck | Ttotal | Status | Flags |
---|---|---|---|---|---|---|
r-devel-linux-x86_64-debian-clang | 4.3.40 | 23.09 | 249.30 | 272.39 | NOTE | |
r-devel-linux-x86_64-debian-gcc | 4.3.45 | 19.56 | 184.55 | 204.11 | NOTE | |
r-devel-linux-x86_64-fedora-clang | 4.3.45 | 334.18 | NOTE | |||
r-devel-linux-x86_64-fedora-gcc | 4.3.45 | 339.40 | NOTE | |||
r-devel-windows-x86_64 | 4.3.45 | 146.00 | 321.00 | 467.00 | NOTE | |
r-patched-linux-x86_64 | 4.3.45 | 30.10 | 230.55 | 260.65 | NOTE | |
r-release-linux-x86_64 | 4.3.45 | 22.38 | 228.35 | 250.73 | NOTE | |
r-release-macos-arm64 | 4.3.45 | 71.00 | NOTE | |||
r-release-macos-x86_64 | 4.3.45 | 106.00 | NOTE | |||
r-release-windows-x86_64 | 4.3.45 | 130.00 | 306.00 | 436.00 | NOTE | |
r-oldrel-macos-arm64 | 4.3.45 | 73.00 | NOTE | |||
r-oldrel-macos-x86_64 | 4.3.45 | 107.00 | NOTE | |||
r-oldrel-windows-ix86+x86_64 | 4.3.45 | 40.00 | 277.00 | 317.00 | NOTE |
Version: 4.3.40
Check: package dependencies
Result: NOTE
Package which this enhances but not available for checking: ‘asreml’
Flavor: r-devel-linux-x86_64-debian-clang
Version: 4.3.45
Check: package dependencies
Result: NOTE
Package which this enhances but not available for checking: ‘asreml’
Flavors: r-devel-linux-x86_64-debian-gcc, r-devel-linux-x86_64-fedora-clang, r-devel-linux-x86_64-fedora-gcc, r-devel-windows-x86_64, r-patched-linux-x86_64, r-release-linux-x86_64, r-release-macos-arm64, r-release-macos-x86_64, r-release-windows-x86_64, r-oldrel-macos-arm64, r-oldrel-macos-x86_64, r-oldrel-windows-ix86+x86_64