Last updated on 2023-12-09 18:54:10 CET.
Flavor | Version | Tinstall | Tcheck | Ttotal | Status | Flags |
---|---|---|---|---|---|---|
r-devel-linux-x86_64-debian-clang | 0.0.1 | 4.06 | 122.74 | 126.80 | OK | |
r-devel-linux-x86_64-debian-gcc | 0.0.1 | 3.24 | 84.68 | 87.92 | OK | |
r-devel-linux-x86_64-fedora-clang | 0.0.1 | 137.58 | NOTE | |||
r-devel-linux-x86_64-fedora-gcc | 0.0.1 | 136.50 | NOTE | |||
r-devel-windows-x86_64 | 0.0.1 | 5.00 | 89.00 | 94.00 | OK | |
r-patched-linux-x86_64 | 0.0.1 | 3.38 | 108.39 | 111.77 | OK | |
r-release-linux-x86_64 | 0.0.1 | 3.96 | 103.59 | 107.55 | OK | |
r-release-macos-arm64 | 0.0.1 | 42.00 | OK | |||
r-release-macos-x86_64 | 0.0.1 | 72.00 | OK | |||
r-release-windows-x86_64 | 0.0.1 | 5.00 | 106.00 | 111.00 | OK | |
r-oldrel-macos-arm64 | 0.0.1 | 37.00 | NOTE | |||
r-oldrel-macos-x86_64 | 0.0.1 | 56.00 | NOTE | |||
r-oldrel-windows-x86_64 | 0.0.1 | 6.00 | 112.00 | 118.00 | OK |
Version: 0.0.1
Check: dependencies in R code
Result: NOTE
Namespace in Imports field not imported from: ‘purrr’
All declared Imports should be used.
Flavors: r-devel-linux-x86_64-fedora-clang, r-devel-linux-x86_64-fedora-gcc, r-oldrel-macos-arm64, r-oldrel-macos-x86_64