Last updated on 2023-01-30 09:34:58 CET.
Flavor | Version | Tinstall | Tcheck | Ttotal | Status | Flags |
---|---|---|---|---|---|---|
r-devel-linux-x86_64-debian-clang | 0.0.1 | 3.10 | 125.74 | 128.84 | OK | |
r-devel-linux-x86_64-debian-gcc | 0.0.1 | 2.78 | 83.54 | 86.32 | OK | |
r-devel-linux-x86_64-fedora-clang | 0.0.1 | 136.60 | NOTE | |||
r-devel-linux-x86_64-fedora-gcc | 0.0.1 | 136.22 | NOTE | |||
r-devel-windows-x86_64 | 0.0.1 | 33.00 | 130.00 | 163.00 | OK | |
r-patched-linux-x86_64 | 0.0.1 | 3.02 | 101.83 | 104.85 | OK | |
r-release-linux-x86_64 | 0.0.1 | 3.20 | 108.86 | 112.06 | OK | |
r-release-macos-arm64 | 0.0.1 | 37.00 | NOTE | |||
r-release-macos-x86_64 | 0.0.1 | 56.00 | NOTE | |||
r-release-windows-x86_64 | 0.0.1 | 28.00 | 152.00 | 180.00 | OK | |
r-oldrel-macos-arm64 | 0.0.1 | 36.00 | NOTE | |||
r-oldrel-macos-x86_64 | 0.0.1 | 59.00 | NOTE | |||
r-oldrel-windows-ix86+x86_64 | 0.0.1 | 8.00 | 125.00 | 133.00 | OK |
Version: 0.0.1
Check: dependencies in R code
Result: NOTE
Namespace in Imports field not imported from: ‘purrr’
All declared Imports should be used.
Flavors: r-devel-linux-x86_64-fedora-clang, r-devel-linux-x86_64-fedora-gcc, r-release-macos-arm64, r-release-macos-x86_64, r-oldrel-macos-arm64, r-oldrel-macos-x86_64