CRAN Package Check Results for Package arrayhelpers

Last updated on 2024-05-19 07:56:37 CEST.

Flavor Version Tinstall Tcheck Ttotal Status Flags
r-devel-linux-x86_64-debian-clang 1.1-0 3.32 33.23 36.55 NOTE
r-devel-linux-x86_64-debian-gcc 1.1-0 2.53 25.30 27.83 NOTE
r-devel-linux-x86_64-fedora-clang 1.1-0 49.65 NOTE
r-devel-linux-x86_64-fedora-gcc 1.1-0 74.20 NOTE
r-devel-windows-x86_64 1.1-0 4.00 53.00 57.00 NOTE
r-patched-linux-x86_64 1.1-0 2.84 32.14 34.98 NOTE
r-release-linux-x86_64 1.1-0 2.70 31.25 33.95 NOTE
r-release-macos-arm64 1.1-0 19.00 NOTE
r-release-windows-x86_64 1.1-0 4.00 54.00 58.00 NOTE
r-oldrel-macos-arm64 1.1-0 19.00 NOTE
r-oldrel-macos-x86_64 1.1-0 26.00 NOTE
r-oldrel-windows-x86_64 1.1-0 4.00 56.00 60.00 NOTE

Check Details

Version: 1.1-0
Check: LazyData
Result: NOTE 'LazyData' is specified without a 'data' directory Flavors: r-devel-linux-x86_64-debian-clang, r-devel-linux-x86_64-debian-gcc, r-devel-linux-x86_64-fedora-clang, r-devel-linux-x86_64-fedora-gcc, r-devel-windows-x86_64, r-patched-linux-x86_64, r-release-linux-x86_64, r-release-macos-arm64, r-release-windows-x86_64, r-oldrel-macos-arm64, r-oldrel-macos-x86_64, r-oldrel-windows-x86_64