CRAN Package Check Results for Package argoFloats

Last updated on 2024-05-19 19:53:00 CEST.

Flavor Version Tinstall Tcheck Ttotal Status Flags
r-devel-linux-x86_64-debian-clang 1.0.7 76.10 140.33 216.43 OK
r-devel-linux-x86_64-debian-gcc 1.0.7 62.97 107.49 170.46 OK
r-devel-linux-x86_64-fedora-clang 1.0.7 305.26 OK
r-devel-linux-x86_64-fedora-gcc 1.0.7 339.07 OK
r-devel-windows-x86_64 1.0.7 57.00 127.00 184.00 OK
r-patched-linux-x86_64 1.0.7 76.29 131.06 207.35 OK
r-release-linux-x86_64 1.0.7 60.39 132.90 193.29 OK
r-release-macos-arm64 1.0.7 92.00 ERROR
r-release-windows-x86_64 1.0.7 54.00 132.00 186.00 OK
r-oldrel-macos-arm64 1.0.7 116.00 OK
r-oldrel-macos-x86_64 1.0.7 233.00 OK
r-oldrel-windows-x86_64 1.0.7 78.00 156.00 234.00 OK

Check Details

Version: 1.0.7
Check: tests
Result: ERROR Running ‘testthat.R’ [5s/23s] Running the tests in ‘tests/testthat.R’ failed. Last 13 lines of output: Backtrace: ▆ 1. ├─testthat::expect_silent(...) at test_download.R:10:15 2. │ └─testthat:::quasi_capture(enquo(object), NULL, evaluate_promise) 3. │ ├─testthat (local) .capture(...) 4. │ │ ├─withr::with_output_sink(...) 5. │ │ │ └─base::force(code) 6. │ │ ├─base::withCallingHandlers(...) 7. │ │ └─base::withVisible(code) 8. │ └─rlang::eval_bare(quo_get_expr(.quo), quo_get_env(.quo)) 9. └─argoFloats::getIndex(...) [ FAIL 1 | WARN 0 | SKIP 3 | PASS 184 ] Error: Test failures Execution halted Flavor: r-release-macos-arm64