CRAN Package Check Results for Package arcpullr

Last updated on 2024-06-17 19:51:25 CEST.

Flavor Version Tinstall Tcheck Ttotal Status Flags
r-devel-linux-x86_64-debian-clang 0.2.9 8.36 197.86 206.22 OK
r-devel-linux-x86_64-debian-gcc 0.2.9 7.75 143.35 151.10 OK
r-devel-linux-x86_64-fedora-clang 0.2.9 258.81 NOTE
r-devel-linux-x86_64-fedora-gcc 0.2.9 273.02 NOTE
r-devel-windows-x86_64 0.2.9 10.00 153.00 163.00 OK
r-patched-linux-x86_64 0.2.9 11.46 191.44 202.90 OK
r-release-linux-x86_64 0.2.9 8.05 191.95 200.00 OK
r-release-macos-arm64 0.2.9 104.00 OK
r-release-macos-x86_64 0.2.9 120.00 OK
r-release-windows-x86_64 0.2.9 11.00 152.00 163.00 OK
r-oldrel-macos-arm64 0.2.9 86.00 OK
r-oldrel-macos-x86_64 0.2.9 190.00 OK
r-oldrel-windows-x86_64 0.2.9 12.00 184.00 196.00 ERROR

Check Details

Version: 0.2.9
Check: dependencies in R code
Result: NOTE Namespace in Imports field not imported from: ‘methods’ All declared Imports should be used. Flavors: r-devel-linux-x86_64-fedora-clang, r-devel-linux-x86_64-fedora-gcc

Version: 0.2.9
Check: tests
Result: ERROR Running 'testthat.R' [20s] Running the tests in 'tests/testthat.R' failed. Complete output: > library(testthat) > library(arcpullr) Loading required package: sf Linking to GEOS 3.11.2, GDAL 3.8.2, PROJ 9.3.1; sf_use_s2() is TRUE > > test_check("arcpullr") [ FAIL 1 | WARN 7 | SKIP 0 | PASS 50 ] ══ Failed tests ════════════════════════════════════════════════════════════════ ── Error ('test_layer_properties.R:3:1'): (code run outside of `test_that()`) ── Error in `open.connection(x, "rb")`: Timeout was reached: [dnrmaps.wi.gov] Failed to connect to dnrmaps.wi.gov port 443 after 10002 ms: Timeout was reached Backtrace: ▆ 1. ├─arcpullr::get_layer_legend(wi_landcover_url) at test_layer_properties.R:3:1 2. │ └─... %>% rvest::html_nodes("tr") 3. ├─rvest::html_nodes(., "tr") 4. │ └─rvest::html_elements(...) 5. ├─rvest::html_nodes(., "table") 6. │ └─rvest::html_elements(...) 7. ├─xml2::read_html(.) 8. └─xml2:::read_html.default(.) 9. ├─base::suppressWarnings(...) 10. │ └─base::withCallingHandlers(...) 11. ├─xml2::read_xml(x, encoding = encoding, ..., as_html = TRUE, options = options) 12. └─xml2:::read_xml.character(...) 13. └─xml2:::read_xml.connection(...) 14. ├─base::open(x, "rb") 15. └─base::open.connection(x, "rb") [ FAIL 1 | WARN 7 | SKIP 0 | PASS 50 ] Error: Test failures Execution halted Flavor: r-oldrel-windows-x86_64