CRAN Package Check Results for Package arcgisgeocode

Last updated on 2024-07-20 08:49:36 CEST.

Flavor Version Tinstall Tcheck Ttotal Status Flags
r-devel-linux-x86_64-debian-clang 0.2.0 225.72 37.70 263.42 OK
r-devel-linux-x86_64-debian-gcc 0.2.0 177.73 28.20 205.93 OK
r-devel-linux-x86_64-fedora-clang 0.2.0 369.93 NOTE
r-devel-linux-x86_64-fedora-gcc 0.2.0 364.85 OK
r-devel-windows-x86_64 0.2.0 182.00 60.00 242.00 OK
r-patched-linux-x86_64 0.2.0 219.30 35.27 254.57 OK
r-release-linux-x86_64 0.2.0 151.95 35.65 187.60 OK
r-release-macos-arm64 0.2.0 93.00 OK
r-release-macos-x86_64 0.2.0 167.00 OK
r-release-windows-x86_64 0.2.0 181.00 62.00 243.00 OK
r-oldrel-macos-arm64 0.2.0 102.00 NOTE
r-oldrel-macos-x86_64 0.2.0 41.00 ERROR
r-oldrel-windows-x86_64 0.2.0 221.00 65.00 286.00 NOTE

Check Details

Version: 0.2.0
Check: installed package size
Result: NOTE installed size is 5.4Mb sub-directories of 1Mb or more: libs 5.2Mb Flavor: r-devel-linux-x86_64-fedora-clang

Version: 0.2.0
Check: R code for possible problems
Result: NOTE sort_asap: no visible global function definition for ‘sort_by’ Undefined global functions or variables: sort_by Flavors: r-oldrel-macos-arm64, r-oldrel-windows-x86_64

Version: 0.2.0
Check: whether package can be installed
Result: ERROR Installation failed. Flavor: r-oldrel-macos-x86_64