CRAN Package Check Results for Package apsimx

Last updated on 2023-01-30 09:34:57 CET.

Flavor Version Tinstall Tcheck Ttotal Status Flags
r-devel-linux-x86_64-debian-clang 2.3.1 21.94 217.53 239.47 NOTE
r-devel-linux-x86_64-debian-gcc 2.3.1 17.99 161.73 179.72 NOTE
r-devel-linux-x86_64-fedora-clang 2.3.1 292.26 NOTE
r-devel-linux-x86_64-fedora-gcc 2.3.1 293.17 NOTE
r-devel-windows-x86_64 2.3.1 99.00 285.00 384.00 NOTE
r-patched-linux-x86_64 2.3.1 18.99 203.75 222.74 NOTE
r-release-linux-x86_64 2.3.1 17.98 200.28 218.26 NOTE
r-release-macos-arm64 2.3.1 77.00 NOTE
r-release-macos-x86_64 2.3.1 106.00 NOTE
r-release-windows-x86_64 2.3.1 84.00 275.00 359.00 NOTE
r-oldrel-macos-arm64 2.3.1 70.00 NOTE
r-oldrel-macos-x86_64 2.3.1 105.00 NOTE
r-oldrel-windows-ix86+x86_64 2.3.1 36.00 242.00 278.00 NOTE

Check Details

Version: 2.3.1
Check: package dependencies
Result: NOTE
    Package suggested but not available for checking: ‘BayesianTools’
Flavors: r-devel-linux-x86_64-debian-clang, r-devel-linux-x86_64-debian-gcc, r-devel-linux-x86_64-fedora-clang, r-devel-linux-x86_64-fedora-gcc, r-patched-linux-x86_64, r-release-linux-x86_64

Version: 2.3.1
Check: package subdirectories
Result: NOTE
    Problems with news in ‘NEWS.md’:
    No news entries found.
Flavors: r-devel-linux-x86_64-debian-clang, r-devel-linux-x86_64-debian-gcc, r-devel-linux-x86_64-fedora-clang, r-devel-linux-x86_64-fedora-gcc, r-devel-windows-x86_64

Version: 2.3.1
Check: Rd cross-references
Result: NOTE
    Unknown package ‘BayesianTools’ in Rd xrefs
Flavors: r-devel-linux-x86_64-debian-clang, r-devel-linux-x86_64-debian-gcc, r-devel-linux-x86_64-fedora-clang, r-devel-linux-x86_64-fedora-gcc, r-patched-linux-x86_64, r-release-linux-x86_64

Version: 2.3.1
Check: installed package size
Result: NOTE
     installed size is 6.8Mb
     sub-directories of 1Mb or more:
     extdata 5.4Mb
Flavors: r-devel-linux-x86_64-fedora-clang, r-devel-windows-x86_64, r-release-macos-arm64, r-release-macos-x86_64, r-release-windows-x86_64, r-oldrel-macos-arm64, r-oldrel-macos-x86_64, r-oldrel-windows-ix86+x86_64