CRAN Package Check Results for Package ambient

Last updated on 2024-06-16 19:53:12 CEST.

Flavor Version Tinstall Tcheck Ttotal Status Flags
r-devel-linux-x86_64-debian-clang 1.0.2 22.76 53.38 76.14 NOTE
r-devel-linux-x86_64-debian-gcc 1.0.2 15.09 42.26 57.35 NOTE
r-devel-linux-x86_64-fedora-clang 1.0.2 110.45 NOTE
r-devel-linux-x86_64-fedora-gcc 1.0.2 105.34 NOTE
r-devel-windows-x86_64 1.0.2 21.00 81.00 102.00 NOTE
r-patched-linux-x86_64 1.0.2 19.77 52.33 72.10 NOTE
r-release-linux-x86_64 1.0.2 18.89 52.77 71.66 NOTE
r-release-macos-arm64 1.0.2 33.00 NOTE
r-release-macos-x86_64 1.0.2 48.00 NOTE
r-release-windows-x86_64 1.0.2 22.00 82.00 104.00 NOTE
r-oldrel-macos-arm64 1.0.2 39.00 NOTE
r-oldrel-macos-x86_64 1.0.2 58.00 NOTE
r-oldrel-windows-x86_64 1.0.2 24.00 90.00 114.00 NOTE

Check Details

Version: 1.0.2
Check: C++ specification
Result: NOTE Specified C++11: please drop specification unless essential Flavors: r-devel-linux-x86_64-debian-clang, r-devel-linux-x86_64-debian-gcc, r-devel-linux-x86_64-fedora-clang, r-devel-linux-x86_64-fedora-gcc, r-devel-windows-x86_64, r-patched-linux-x86_64, r-release-linux-x86_64, r-release-macos-arm64, r-release-macos-x86_64, r-release-windows-x86_64, r-oldrel-macos-arm64, r-oldrel-macos-x86_64, r-oldrel-windows-x86_64

Version: 1.0.2
Check: compiled code
Result: NOTE File ‘ambient/libs/ambient.so’: Found non-API calls to R: ‘SETLENGTH’, ‘SET_TRUELENGTH’ Compiled code should not call non-API entry points in R. See ‘Writing portable packages’ in the ‘Writing R Extensions’ manual. Flavor: r-devel-linux-x86_64-debian-clang

Version: 1.0.2
Check: compiled code
Result: NOTE File ‘ambient/libs/ambient.so’: Found non-API calls to R: ‘SETLENGTH’, ‘SET_GROWABLE_BIT’, ‘SET_TRUELENGTH’ Compiled code should not call non-API entry points in R. See ‘Writing portable packages’ in the ‘Writing R Extensions’ manual. Flavors: r-devel-linux-x86_64-debian-gcc, r-devel-linux-x86_64-fedora-clang, r-devel-linux-x86_64-fedora-gcc

Version: 1.0.2
Check: compiled code
Result: NOTE File 'ambient/libs/x64/ambient.dll': Found non-API calls to R: 'SETLENGTH', 'SET_TRUELENGTH' Compiled code should not call non-API entry points in R. See 'Writing portable packages' in the 'Writing R Extensions' manual. Flavor: r-devel-windows-x86_64