CRAN Package Check Results for Package altadata

Last updated on 2024-05-24 19:56:25 CEST.

Flavor Version Tinstall Tcheck Ttotal Status Flags
r-devel-linux-x86_64-debian-clang 0.1.1 2.38 22.20 24.58 NOTE
r-devel-linux-x86_64-debian-gcc 0.1.1 1.68 16.96 18.64 NOTE
r-devel-linux-x86_64-fedora-clang 0.1.1 30.90 NOTE
r-devel-linux-x86_64-fedora-gcc 0.1.1 29.19 NOTE
r-devel-windows-x86_64 0.1.1 3.00 41.00 44.00 NOTE
r-patched-linux-x86_64 0.1.1 2.42 21.21 23.63 NOTE
r-release-linux-x86_64 0.1.1 2.24 21.44 23.68 NOTE
r-release-macos-arm64 0.1.1 14.00 NOTE
r-release-windows-x86_64 0.1.1 4.00 40.00 44.00 NOTE
r-oldrel-macos-arm64 0.1.1 16.00 NOTE
r-oldrel-macos-x86_64 0.1.1 21.00 NOTE
r-oldrel-windows-x86_64 0.1.1 4.00 41.00 45.00 NOTE

Check Details

Version: 0.1.1
Check: LazyData
Result: NOTE 'LazyData' is specified without a 'data' directory Flavors: r-devel-linux-x86_64-debian-clang, r-devel-linux-x86_64-debian-gcc, r-devel-linux-x86_64-fedora-clang, r-devel-linux-x86_64-fedora-gcc, r-devel-windows-x86_64, r-patched-linux-x86_64, r-release-linux-x86_64, r-release-macos-arm64, r-release-windows-x86_64, r-oldrel-macos-arm64, r-oldrel-macos-x86_64, r-oldrel-windows-x86_64