CRAN Package Check Results for Package alphastable

Last updated on 2024-07-18 08:51:03 CEST.

Flavor Version Tinstall Tcheck Ttotal Status Flags
r-devel-linux-x86_64-debian-clang 0.2.1 5.97 39.12 45.09 NOTE
r-devel-linux-x86_64-debian-gcc 0.2.1 5.60 28.06 33.66 NOTE
r-devel-linux-x86_64-fedora-clang 0.2.1 56.76 NOTE
r-devel-linux-x86_64-fedora-gcc 0.2.1 52.60 NOTE
r-devel-windows-x86_64 0.2.1 5.00 50.00 55.00 NOTE
r-patched-linux-x86_64 0.2.1 5.45 36.71 42.16 NOTE
r-release-linux-x86_64 0.2.1 3.93 37.20 41.13 NOTE
r-release-macos-arm64 0.2.1 19.00 NOTE
r-release-macos-x86_64 0.2.1 42.00 NOTE
r-release-windows-x86_64 0.2.1 6.00 50.00 56.00 NOTE
r-oldrel-macos-arm64 0.2.1 21.00 NOTE
r-oldrel-macos-x86_64 0.2.1 29.00 NOTE
r-oldrel-windows-x86_64 0.2.1 7.00 53.00 60.00 NOTE

Check Details

Version: 0.2.1
Check: LazyData
Result: NOTE 'LazyData' is specified without a 'data' directory Flavors: r-devel-linux-x86_64-debian-clang, r-devel-linux-x86_64-debian-gcc, r-devel-linux-x86_64-fedora-clang, r-devel-linux-x86_64-fedora-gcc, r-devel-windows-x86_64, r-patched-linux-x86_64, r-release-linux-x86_64, r-release-macos-arm64, r-release-macos-x86_64, r-release-windows-x86_64, r-oldrel-macos-arm64, r-oldrel-macos-x86_64, r-oldrel-windows-x86_64

Version: 0.2.1
Check: package dependencies
Result: NOTE Packages suggested but not available for checking: 'fBasics', 'Rmpfr' Flavor: r-oldrel-macos-x86_64