CRAN Package Check Results for Package airGRdatassim

Last updated on 2024-06-22 04:48:54 CEST.

Flavor Version Tinstall Tcheck Ttotal Status Flags
r-devel-linux-x86_64-debian-clang 0.1.3 3.68 143.19 146.87 NOTE
r-devel-linux-x86_64-debian-gcc 0.1.3 2.60 104.52 107.12 NOTE
r-devel-linux-x86_64-fedora-clang 0.1.3 171.90 NOTE
r-devel-linux-x86_64-fedora-gcc 0.1.3 176.43 NOTE
r-devel-windows-x86_64 0.1.3 3.00 121.00 124.00 NOTE
r-patched-linux-x86_64 0.1.3 5.64 134.46 140.10 NOTE
r-release-linux-x86_64 0.1.3 3.05 132.99 136.04 NOTE
r-release-macos-arm64 0.1.3 58.00 NOTE
r-release-macos-x86_64 0.1.3 90.00 NOTE
r-release-windows-x86_64 0.1.3 4.00 121.00 125.00 NOTE
r-oldrel-macos-arm64 0.1.3 62.00 OK
r-oldrel-macos-x86_64 0.1.3 104.00 OK
r-oldrel-windows-x86_64 0.1.3 4.00 159.00 163.00 OK

Check Details

Version: 0.1.3
Check: Rd files
Result: NOTE checkRd: (-1) CreateInputsPert.Rd:65: Lost braces 65 | \emph{InputsPert}{[list] object of class \emph{InputsModel} containing the ensembles of perturbed model inputs required to perform data assimilation:} | ^ Flavors: r-devel-linux-x86_64-debian-clang, r-devel-linux-x86_64-debian-gcc, r-devel-linux-x86_64-fedora-clang, r-devel-linux-x86_64-fedora-gcc, r-devel-windows-x86_64, r-patched-linux-x86_64, r-release-linux-x86_64, r-release-macos-arm64, r-release-macos-x86_64, r-release-windows-x86_64