CRAN Package Check Results for Package affluenceIndex

Last updated on 2024-07-24 20:52:15 CEST.

Flavor Version Tinstall Tcheck Ttotal Status Flags
r-devel-linux-x86_64-debian-clang 2.1 9.04 84.73 93.77 NOTE
r-devel-linux-x86_64-debian-gcc 2.1 8.13 65.86 73.99 NOTE
r-devel-linux-x86_64-fedora-clang 2.1 77.34 NOTE
r-devel-linux-x86_64-fedora-gcc 2.1 111.79 NOTE
r-devel-windows-x86_64 2.1 10.00 84.00 94.00 NOTE
r-patched-linux-x86_64 2.1 8.71 83.79 92.50 NOTE
r-release-linux-x86_64 2.1 6.30 81.25 87.55 NOTE
r-release-macos-arm64 2.1 37.00 NOTE
r-release-macos-x86_64 2.1 57.00 NOTE
r-release-windows-x86_64 2.1 10.00 84.00 94.00 NOTE
r-oldrel-macos-arm64 2.1 38.00 OK
r-oldrel-macos-x86_64 2.1 66.00 OK
r-oldrel-windows-x86_64 2.1 12.00 99.00 111.00 NOTE

Check Details

Version: 2.1
Check: R code for possible problems
Result: NOTE S90S40: no visible global function definition for ‘weighted.quantile’ line.med: no visible global function definition for ‘weighted.median’ polar.aff: no visible global function definition for ‘weighted.median’ r.cha: no visible global function definition for ‘weighted.median’ r.cha.sub: no visible global function definition for ‘weighted.median’ r.fgt: no visible global function definition for ‘weighted.median’ r.fgt.sub: no visible global function definition for ‘weighted.median’ r.hc: no visible global function definition for ‘weighted.median’ r.hc.sub: no visible global function definition for ‘weighted.median’ r.is: no visible global function definition for ‘weighted.quantile’ r.is.sub: no visible global function definition for ‘weighted.quantile’ r.med: no visible global function definition for ‘weighted.median’ r.med.sub: no visible global function definition for ‘weighted.median’ Undefined global functions or variables: weighted.median weighted.quantile Flavors: r-devel-linux-x86_64-debian-clang, r-devel-linux-x86_64-debian-gcc, r-devel-linux-x86_64-fedora-clang, r-devel-linux-x86_64-fedora-gcc, r-devel-windows-x86_64, r-patched-linux-x86_64, r-release-linux-x86_64, r-release-windows-x86_64, r-oldrel-windows-x86_64

Version: 2.1
Check: Rd files
Result: NOTE checkRd: (-1) gini.w.Rd:20: Lost braces; missing escapes or markup? 20 | where \eqn{x_i,x_j} are incomes of individuals \eqn{i} and {j}, respectively, \eqn{n} is the number of individuals, \eqn{\mu_w} is the mean income. The Gini coefficient ranges between 1 (perfect equality) and 1 (perfect inequality). | ^ Flavors: r-devel-linux-x86_64-debian-clang, r-devel-linux-x86_64-debian-gcc, r-devel-linux-x86_64-fedora-clang, r-devel-linux-x86_64-fedora-gcc, r-devel-windows-x86_64, r-patched-linux-x86_64, r-release-linux-x86_64, r-release-macos-arm64, r-release-macos-x86_64, r-release-windows-x86_64