CRAN Package Check Results for Package adjustedcranlogs

Last updated on 2024-06-18 19:49:02 CEST.

Flavor Version Tinstall Tcheck Ttotal Status Flags
r-devel-linux-x86_64-debian-clang 0.1.0 4.00 47.29 51.29 NOTE
r-devel-linux-x86_64-debian-gcc 0.1.0 3.51 36.61 40.12 NOTE
r-devel-linux-x86_64-fedora-clang 0.1.0 66.75 NOTE
r-devel-linux-x86_64-fedora-gcc 0.1.0 61.77 NOTE
r-devel-windows-x86_64 0.1.0 6.00 54.00 60.00 NOTE
r-patched-linux-x86_64 0.1.0 4.97 45.09 50.06 NOTE
r-release-linux-x86_64 0.1.0 5.31 45.00 50.31 NOTE
r-release-macos-arm64 0.1.0 24.00 NOTE
r-release-macos-x86_64 0.1.0 37.00 NOTE
r-release-windows-x86_64 0.1.0 6.00 55.00 61.00 NOTE
r-oldrel-macos-arm64 0.1.0 25.00 NOTE
r-oldrel-macos-x86_64 0.1.0 31.00 NOTE
r-oldrel-windows-x86_64 0.1.0 8.00 59.00 67.00 NOTE

Check Details

Version: 0.1.0
Check: LazyData
Result: NOTE 'LazyData' is specified without a 'data' directory Flavors: r-devel-linux-x86_64-debian-clang, r-devel-linux-x86_64-debian-gcc, r-devel-linux-x86_64-fedora-clang, r-devel-linux-x86_64-fedora-gcc, r-devel-windows-x86_64, r-patched-linux-x86_64, r-release-linux-x86_64, r-release-macos-arm64, r-release-macos-x86_64, r-release-windows-x86_64, r-oldrel-macos-arm64, r-oldrel-macos-x86_64, r-oldrel-windows-x86_64