CRAN Package Check Results for Package ZVCV

Last updated on 2024-06-13 07:50:50 CEST.

Flavor Version Tinstall Tcheck Ttotal Status Flags
r-devel-linux-x86_64-debian-clang 2.1.2 138.05 110.33 248.38 OK
r-devel-linux-x86_64-debian-gcc 2.1.2 0.41 1.67 2.08 ERROR
r-devel-linux-x86_64-fedora-clang 2.1.2 316.45 OK
r-devel-linux-x86_64-fedora-gcc 2.1.2 327.81 OK
r-devel-windows-x86_64 2.1.2 94.00 116.00 210.00 OK
r-patched-linux-x86_64 2.1.2 115.54 102.89 218.43 OK
r-release-linux-x86_64 2.1.2 111.74 103.64 215.38 OK
r-release-macos-arm64 2.1.2 72.00 NOTE
r-release-macos-x86_64 2.1.2 100.00 NOTE
r-release-windows-x86_64 2.1.2 98.00 113.00 211.00 OK
r-oldrel-macos-arm64 2.1.2 89.00 NOTE
r-oldrel-macos-x86_64 2.1.2 143.00 NOTE
r-oldrel-windows-x86_64 2.1.2 115.00 143.00 258.00 OK

Check Details

Version: 2.1.2
Check: package dependencies
Result: ERROR Package required but not available: ‘dplyr’ Packages suggested but not available for checking: 'ggplot2', 'ggthemes' See section ‘The DESCRIPTION file’ in the ‘Writing R Extensions’ manual. Flavor: r-devel-linux-x86_64-debian-gcc

Version: 2.1.2
Check: installed package size
Result: NOTE installed size is 10.2Mb sub-directories of 1Mb or more: libs 9.9Mb Flavors: r-release-macos-arm64, r-release-macos-x86_64, r-oldrel-macos-arm64, r-oldrel-macos-x86_64

Version: 2.1.2
Check: package dependencies
Result: NOTE Package suggested but not available for checking: ‘partitions’ Flavor: r-oldrel-macos-x86_64