CRAN Package Check Results for Package WOTPLY

Last updated on 2024-06-16 19:53:34 CEST.

Flavor Version Tinstall Tcheck Ttotal Status Flags
r-devel-linux-x86_64-debian-clang 0.1.0 1.81 27.66 29.47 OK
r-devel-linux-x86_64-debian-gcc 0.1.0 1.55 22.07 23.62 OK
r-devel-linux-x86_64-fedora-clang 0.1.0 40.48 NOTE
r-devel-linux-x86_64-fedora-gcc 0.1.0 56.95 NOTE
r-devel-windows-x86_64 0.1.0 4.00 44.00 48.00 OK
r-patched-linux-x86_64 0.1.0 2.39 27.36 29.75 OK
r-release-linux-x86_64 0.1.0 2.56 26.93 29.49 OK
r-release-macos-arm64 0.1.0 27.00 OK
r-release-macos-x86_64 0.1.0 35.00 OK
r-release-windows-x86_64 0.1.0 4.00 45.00 49.00 OK
r-oldrel-macos-arm64 0.1.0 26.00 OK
r-oldrel-macos-x86_64 0.1.0 39.00 OK
r-oldrel-windows-x86_64 0.1.0 4.00 45.00 49.00 OK

Check Details

Version: 0.1.0
Check: dependencies in R code
Result: NOTE Namespace in Imports field not imported from: ‘sna’ All declared Imports should be used. Flavors: r-devel-linux-x86_64-fedora-clang, r-devel-linux-x86_64-fedora-gcc