CRAN Package Check Results for Package USgrid

Last updated on 2024-06-14 20:03:35 CEST.

Flavor Version Tinstall Tcheck Ttotal Status Flags
r-devel-linux-x86_64-debian-clang 0.1.2 3.88 30.78 34.66 OK
r-devel-linux-x86_64-debian-gcc 0.1.2 3.21 25.62 28.83 OK
r-devel-linux-x86_64-fedora-clang 0.1.2 45.43 NOTE
r-devel-linux-x86_64-fedora-gcc 0.1.2 43.79 NOTE
r-devel-windows-x86_64 0.1.2 4.00 52.00 56.00 OK
r-patched-linux-x86_64 0.1.2 3.76 32.35 36.11 OK
r-release-linux-x86_64 0.1.2 3.60 30.56 34.16 OK
r-release-macos-arm64 0.1.2 21.00 OK
r-release-macos-x86_64 0.1.2 29.00 OK
r-release-windows-x86_64 0.1.2 6.00 52.00 58.00 OK
r-oldrel-macos-arm64 0.1.2 21.00 OK
r-oldrel-macos-x86_64 0.1.2 27.00 OK
r-oldrel-windows-x86_64 0.1.2 7.00 54.00 61.00 OK

Check Details

Version: 0.1.2
Check: dependencies in R code
Result: NOTE Namespace in Imports field not imported from: ‘tsibble’ All declared Imports should be used. Flavors: r-devel-linux-x86_64-fedora-clang, r-devel-linux-x86_64-fedora-gcc