CRAN Package Check Results for Package TreeTools

Last updated on 2024-06-12 07:57:18 CEST.

Flavor Version Tinstall Tcheck Ttotal Status Flags
r-devel-linux-x86_64-debian-clang 1.11.1 90.51 193.93 284.44 OK
r-devel-linux-x86_64-debian-gcc 1.11.1 76.55 140.33 216.88 OK
r-devel-linux-x86_64-fedora-clang 1.11.1 352.31 OK
r-devel-linux-x86_64-fedora-gcc 1.11.1 372.61 OK
r-devel-windows-x86_64 1.11.1 81.00 198.00 279.00 OK
r-patched-linux-x86_64 1.10.0 93.69 180.57 274.26 NOTE
r-release-linux-x86_64 1.11.1 92.52 184.12 276.64 OK
r-release-macos-arm64 1.11.1 98.00 NOTE
r-release-macos-x86_64 1.11.1 240.00 NOTE
r-release-windows-x86_64 1.11.0 77.00 210.00 287.00 OK
r-oldrel-macos-arm64 1.11.1 101.00 NOTE
r-oldrel-macos-x86_64 1.11.1 188.00 NOTE
r-oldrel-windows-x86_64 1.11.1 79.00 235.00 314.00 OK

Additional issues

M1mac

Check Details

Version: 1.10.0
Check: Rd files
Result: NOTE checkRd: (-1) ReadTntTree.Rd:37: Lost braces 37 | \link{TNTOrder}{\code{tnt} order}, | ^ Flavor: r-patched-linux-x86_64

Version: 1.11.1
Check: installed package size
Result: NOTE installed size is 5.5Mb sub-directories of 1Mb or more: R 1.1Mb libs 3.4Mb Flavors: r-release-macos-arm64, r-release-macos-x86_64, r-oldrel-macos-arm64, r-oldrel-macos-x86_64