CRAN Package Check Results for Package TiPS

Last updated on 2024-06-24 07:53:45 CEST.

Flavor Version Tinstall Tcheck Ttotal Status Flags
r-devel-linux-x86_64-debian-clang 1.2.3 60.35 415.98 476.33 OK
r-devel-linux-x86_64-debian-gcc 1.2.3 39.78 303.31 343.09 OK
r-devel-linux-x86_64-fedora-clang 1.2.3 600.90 OK
r-devel-linux-x86_64-fedora-gcc 1.2.3 594.66 OK
r-devel-windows-x86_64 1.2.3 47.00 388.00 435.00 OK
r-patched-linux-x86_64 1.2.3 47.31 418.30 465.61 OK
r-release-linux-x86_64 1.2.3 47.32 419.54 466.86 OK
r-release-macos-arm64 1.2.3 165.00 NOTE
r-release-macos-x86_64 1.2.3 264.00 NOTE
r-release-windows-x86_64 1.2.3 48.00 392.00 440.00 OK
r-oldrel-macos-arm64 1.2.3 186.00 NOTE
r-oldrel-macos-x86_64 1.2.3 439.00 NOTE
r-oldrel-windows-x86_64 1.2.3 58.00 450.00 508.00 OK

Check Details

Version: 1.2.3
Check: installed package size
Result: NOTE installed size is 5.8Mb sub-directories of 1Mb or more: doc 1.7Mb libs 3.5Mb Flavors: r-release-macos-arm64, r-release-macos-x86_64, r-oldrel-macos-arm64, r-oldrel-macos-x86_64