Last updated on 2023-01-31 17:54:22 CET.
Flavor | Version | Tinstall | Tcheck | Ttotal | Status | Flags |
---|---|---|---|---|---|---|
r-devel-linux-x86_64-debian-clang | 2.0 | 68.58 | 55.18 | 123.76 | OK | |
r-devel-linux-x86_64-debian-gcc | 2.0 | 55.24 | 44.98 | 100.22 | OK | |
r-devel-linux-x86_64-fedora-clang | 2.0 | 174.14 | OK | |||
r-devel-linux-x86_64-fedora-gcc | 2.0 | 160.05 | OK | |||
r-devel-windows-x86_64 | 2.0 | 69.00 | 153.00 | 222.00 | OK | |
r-patched-linux-x86_64 | 2.0 | 57.07 | 60.38 | 117.45 | OK | |
r-release-linux-x86_64 | 2.0 | 60.39 | 61.08 | 121.47 | OK | |
r-release-macos-arm64 | 2.0 | 50.00 | NOTE | |||
r-release-macos-x86_64 | 2.0 | 66.00 | NOTE | |||
r-release-windows-x86_64 | 2.0 | 62.00 | 382.00 | 444.00 | OK | |
r-oldrel-macos-arm64 | 2.0 | 48.00 | NOTE | |||
r-oldrel-macos-x86_64 | 2.0 | 67.00 | NOTE | |||
r-oldrel-windows-ix86+x86_64 | 2.0 | 154.00 | 125.00 | 279.00 | OK |
Version: 2.0
Check: installed package size
Result: NOTE
installed size is 10.6Mb
sub-directories of 1Mb or more:
data 1.2Mb
libs 9.3Mb
Flavors: r-release-macos-arm64, r-release-macos-x86_64, r-oldrel-macos-arm64, r-oldrel-macos-x86_64