CRAN Package Check Results for Package TAM

Last updated on 2024-06-12 19:54:39 CEST.

Flavor Version Tinstall Tcheck Ttotal Status Flags
r-devel-linux-x86_64-debian-clang 4.2-21 254.64 218.02 472.66 OK
r-devel-linux-x86_64-debian-gcc 4.2-21 157.85 153.47 311.32 NOTE
r-devel-linux-x86_64-fedora-clang 4.2-21 672.77 NOTE
r-devel-linux-x86_64-fedora-gcc 4.2-21 639.23 OK
r-devel-windows-x86_64 4.2-21 191.00 245.00 436.00 OK
r-patched-linux-x86_64 4.2-21 199.16 215.30 414.46 OK
r-release-linux-x86_64 4.2-21 208.56 209.53 418.09 OK
r-release-macos-arm64 4.2-21 113.00 NOTE
r-release-macos-x86_64 4.2-21 171.00 NOTE
r-release-windows-x86_64 4.2-21 193.00 191.00 384.00 OK
r-oldrel-macos-arm64 4.2-21 118.00 NOTE
r-oldrel-macos-x86_64 4.2-21 247.00 NOTE
r-oldrel-windows-x86_64 4.2-21 236.00 241.00 477.00 OK

Check Details

Version: 4.2-21
Check: package dependencies
Result: NOTE Package suggested but not available for checking: ‘miceadds’ Package which this enhances but not available for checking: ‘LSAmitR’ Flavor: r-devel-linux-x86_64-debian-gcc

Version: 4.2-21
Check: Rd cross-references
Result: NOTE Undeclared package ‘mirt’ in Rd xrefs Flavor: r-devel-linux-x86_64-fedora-clang

Version: 4.2-21
Check: installed package size
Result: NOTE installed size is 7.4Mb sub-directories of 1Mb or more: R 2.0Mb libs 4.5Mb Flavors: r-release-macos-arm64, r-release-macos-x86_64, r-oldrel-macos-arm64, r-oldrel-macos-x86_64