CRAN Package Check Results for Package SparseBiplots

Last updated on 2024-05-18 07:49:22 CEST.

Flavor Version Tinstall Tcheck Ttotal Status Flags
r-devel-linux-x86_64-debian-clang 4.0.1 9.76 94.41 104.17 OK
r-devel-linux-x86_64-debian-gcc 4.0.1 9.08 70.13 79.21 OK
r-devel-linux-x86_64-fedora-clang 4.0.1 133.02 NOTE
r-devel-linux-x86_64-fedora-gcc 4.0.1 181.81 NOTE
r-devel-windows-x86_64 4.0.1 10.00 81.00 91.00 OK
r-patched-linux-x86_64 4.0.1 11.37 91.51 102.88 OK
r-release-linux-x86_64 4.0.1 6.31 91.82 98.13 OK
r-release-macos-arm64 4.0.1 38.00 OK
r-release-windows-x86_64 4.0.1 9.00 86.00 95.00 OK
r-oldrel-macos-arm64 4.0.1 45.00 OK
r-oldrel-macos-x86_64 4.0.1 82.00 OK
r-oldrel-windows-x86_64 4.0.1 12.00 102.00 114.00 OK

Check Details

Version: 4.0.1
Check: dependencies in R code
Result: NOTE Namespaces in Imports field not imported from: ‘gtable’ ‘rlang’ ‘testthat’ All declared Imports should be used. Flavors: r-devel-linux-x86_64-fedora-clang, r-devel-linux-x86_64-fedora-gcc