CRAN Package Check Results for Package SomaDataIO

Last updated on 2024-07-22 20:55:55 CEST.

Flavor Version Tinstall Tcheck Ttotal Status Flags
r-devel-linux-x86_64-debian-clang 6.1.0 18.45 113.36 131.81 OK
r-devel-linux-x86_64-debian-gcc 6.1.0 15.44 84.98 100.42 NOTE
r-devel-linux-x86_64-fedora-clang 6.1.0 177.17 NOTE
r-devel-linux-x86_64-fedora-gcc 6.1.0 169.44 OK
r-devel-windows-x86_64 6.1.0 21.00 116.00 137.00 NOTE
r-patched-linux-x86_64 6.1.0 22.96 110.57 133.53 OK
r-release-linux-x86_64 6.1.0 11.97 110.84 122.81 OK
r-release-macos-arm64 6.1.0 55.00 OK
r-release-macos-x86_64 6.1.0 84.00 OK
r-release-windows-x86_64 6.1.0 20.00 114.00 134.00 OK
r-oldrel-macos-arm64 6.1.0 62.00 NOTE
r-oldrel-macos-x86_64 6.1.0 131.00 NOTE
r-oldrel-windows-x86_64 6.1.0 22.00 152.00 174.00 OK

Additional issues

noSuggests

Check Details

Version: 6.1.0
Check: Rd cross-references
Result: NOTE Found the following Rd file(s) with Rd \link{} targets missing package anchors: loadAdatsAsList.Rd: bind_rows pivotExpressionSet.Rd: pivot_longer soma_adat.Rd: tibble Please provide package anchors for all Rd \link{} targets not in the package itself and the base packages. Flavors: r-devel-linux-x86_64-debian-gcc, r-devel-windows-x86_64

Version: 6.1.0
Check: Rd cross-references
Result: NOTE Undeclared package ‘stringr’ in Rd xrefs Flavor: r-devel-linux-x86_64-fedora-clang

Version: 6.1.0
Check: installed package size
Result: NOTE installed size is 5.9Mb sub-directories of 1Mb or more: data 3.8Mb extdata 1.1Mb Flavors: r-oldrel-macos-arm64, r-oldrel-macos-x86_64