CRAN Package Check Results for Package SeqKat

Last updated on 2024-04-18 07:58:30 CEST.

Flavor Version Tinstall Tcheck Ttotal Status Flags
r-devel-linux-x86_64-debian-clang 0.0.8 39.18 51.93 91.11 OK
r-devel-linux-x86_64-debian-gcc 0.0.8 28.13 38.83 66.96 OK
r-devel-linux-x86_64-fedora-clang 0.0.8 130.24 OK
r-devel-linux-x86_64-fedora-gcc 0.0.8 130.45 OK
r-prerel-macos-arm64 0.0.8 41.00 OK
r-prerel-windows-x86_64 0.0.8 33.00 87.00 120.00 NOTE
r-patched-linux-x86_64 0.0.8 38.09 50.37 88.46 OK
r-release-linux-x86_64 0.0.8 33.70 46.55 80.25 OK
r-release-macos-arm64 0.0.8 43.00 OK
r-release-macos-x86_64 0.0.8 66.00 OK
r-release-windows-x86_64 0.0.8 43.00 95.00 138.00 NOTE
r-oldrel-macos-arm64 0.0.8 37.00 OK
r-oldrel-windows-x86_64 0.0.8 41.00 100.00 141.00 NOTE

Check Details

Version: 0.0.8
Check: package dependencies
Result: NOTE Package suggested but not available for checking: 'doMC' Flavors: r-prerel-windows-x86_64, r-release-windows-x86_64, r-oldrel-windows-x86_64