CRAN Package Check Results for Package SeqFeatR

Last updated on 2024-06-22 04:49:09 CEST.

Flavor Version Tinstall Tcheck Ttotal Status Flags
r-devel-linux-x86_64-debian-clang 0.3.1 57.24 358.55 415.79 NOTE
r-devel-linux-x86_64-debian-gcc 0.3.1 42.87 262.14 305.01 NOTE
r-devel-linux-x86_64-fedora-clang 0.3.1 538.19 NOTE
r-devel-linux-x86_64-fedora-gcc 0.3.1 502.49 NOTE
r-devel-windows-x86_64 0.3.1 30.00 208.00 238.00 OK
r-patched-linux-x86_64 0.3.1 51.29 337.00 388.29 NOTE
r-release-linux-x86_64 0.3.1 52.38 342.24 394.62 NOTE
r-release-macos-arm64 0.3.1 254.00 OK
r-release-macos-x86_64 0.3.1 260.00 OK
r-release-windows-x86_64 0.3.1 33.00 208.00 241.00 OK
r-oldrel-macos-arm64 0.3.1 126.00 OK
r-oldrel-macos-x86_64 0.3.1 338.00 OK
r-oldrel-windows-x86_64 0.3.1 42.00 247.00 289.00 OK

Check Details

Version: 0.3.1
Check: for non-standard things in the check directory
Result: NOTE Found the following files/directories: ‘assocpointpair_result.csv’ ‘foundereffectfinder_result.csv’ ‘getfreqs_result.csv’ ‘getfreqs_result.png’ ‘orPlot.pdf1_1.pdf’ ‘orPlot.pdf2_1.pdf’ ‘orPlot.pdf3_1.pdf’ ‘orPlot.pdf4_1.pdf’ ‘orPlot.pdf5_1.pdf’ ‘orPlot.pdf6_1.pdf’ ‘orPlot.pdf7_1.pdf’ ‘orPlot.pdf8_1.pdf’ ‘q-values_result.csv’ ‘rewritetuple_result.csv’ ‘tartan_plot.pdf’ ‘vispair_plot.pdf’ ‘vispairfeat_plot.pdf’ ‘volcano_plot.pdf’ Flavors: r-devel-linux-x86_64-debian-clang, r-devel-linux-x86_64-debian-gcc, r-devel-linux-x86_64-fedora-clang, r-devel-linux-x86_64-fedora-gcc, r-patched-linux-x86_64, r-release-linux-x86_64