CRAN Package Check Results for Package Select

Last updated on 2024-05-29 07:58:15 CEST.

Flavor Version Tinstall Tcheck Ttotal Status Flags
r-devel-linux-x86_64-debian-clang 1.4 2.82 37.42 40.24 OK
r-devel-linux-x86_64-debian-gcc 1.4 1.83 29.27 31.10 OK
r-devel-linux-x86_64-fedora-clang 1.4 51.41 NOTE
r-devel-linux-x86_64-fedora-gcc 1.4 61.27 NOTE
r-devel-windows-x86_64 1.4 4.00 52.00 56.00 OK
r-patched-linux-x86_64 1.4 2.68 36.59 39.27 OK
r-release-linux-x86_64 1.4 2.00 37.66 39.66 OK
r-release-macos-arm64 1.4 26.00 OK
r-release-windows-x86_64 1.4 3.00 51.00 54.00 OK
r-oldrel-macos-arm64 1.4 29.00 OK
r-oldrel-macos-x86_64 1.4 34.00 OK
r-oldrel-windows-x86_64 1.4 4.00 54.00 58.00 OK

Check Details

Version: 1.4
Check: dependencies in R code
Result: NOTE Namespace in Imports field not imported from: ‘FD’ All declared Imports should be used. Flavors: r-devel-linux-x86_64-fedora-clang, r-devel-linux-x86_64-fedora-gcc