CRAN Package Check Results for Package ScorePlus

Last updated on 2024-06-16 19:53:29 CEST.

Flavor Version Tinstall Tcheck Ttotal Status Flags
r-devel-linux-x86_64-debian-clang 0.1 7.20 68.44 75.64 NOTE
r-devel-linux-x86_64-debian-gcc 0.1 5.84 51.38 57.22 NOTE
r-devel-linux-x86_64-fedora-clang 0.1 95.40 NOTE
r-devel-linux-x86_64-fedora-gcc 0.1 87.83 NOTE
r-devel-windows-x86_64 0.1 7.00 66.00 73.00 NOTE
r-patched-linux-x86_64 0.1 8.12 64.81 72.93 NOTE
r-release-linux-x86_64 0.1 7.57 64.80 72.37 NOTE
r-release-macos-arm64 0.1 30.00 NOTE
r-release-macos-x86_64 0.1 50.00 NOTE
r-release-windows-x86_64 0.1 7.00 68.00 75.00 NOTE
r-oldrel-macos-arm64 0.1 33.00 NOTE
r-oldrel-macos-x86_64 0.1 51.00 NOTE
r-oldrel-windows-x86_64 0.1 10.00 81.00 91.00 NOTE

Check Details

Version: 0.1
Check: LazyData
Result: NOTE 'LazyData' is specified without a 'data' directory Flavors: r-devel-linux-x86_64-debian-clang, r-devel-linux-x86_64-debian-gcc, r-devel-linux-x86_64-fedora-clang, r-devel-linux-x86_64-fedora-gcc, r-devel-windows-x86_64, r-patched-linux-x86_64, r-release-linux-x86_64, r-release-macos-arm64, r-release-macos-x86_64, r-release-windows-x86_64, r-oldrel-macos-arm64, r-oldrel-macos-x86_64, r-oldrel-windows-x86_64