CRAN Package Check Results for Package SWTools

Last updated on 2025-01-19 09:48:34 CET.

Flavor Version Tinstall Tcheck Ttotal Status Flags
r-devel-linux-x86_64-debian-clang 1.1.0 4.61 34.28 38.89 OK
r-devel-linux-x86_64-debian-gcc 1.1.0 3.38 26.10 29.48 OK
r-devel-linux-x86_64-fedora-clang 1.1.0 62.17 NOTE
r-devel-linux-x86_64-fedora-gcc 1.1.0 62.39 NOTE
r-devel-windows-x86_64 1.1.0 8.00 66.00 74.00 OK
r-patched-linux-x86_64 1.1.0 4.87 32.66 37.53 OK
r-release-linux-x86_64 1.1.0 4.22 32.93 37.15 OK
r-release-macos-arm64 1.1.0 20.00 OK
r-release-macos-x86_64 1.1.0 31.00 OK
r-release-windows-x86_64 1.1.0 8.00 65.00 73.00 OK
r-oldrel-macos-arm64 1.1.0 27.00 OK
r-oldrel-macos-x86_64 1.1.0 39.00 OK
r-oldrel-windows-x86_64 1.1.0 8.00 69.00 77.00 OK

Check Details

Version: 1.1.0
Check: dependencies in R code
Result: NOTE Namespace in Imports field not imported from: ‘prettymapr’ All declared Imports should be used. Flavors: r-devel-linux-x86_64-fedora-clang, r-devel-linux-x86_64-fedora-gcc