CRAN Package Check Results for Package SP2000

Last updated on 2024-06-13 07:50:46 CEST.

Flavor Version Tinstall Tcheck Ttotal Status Flags
r-devel-linux-x86_64-debian-clang 0.2.0 7.72 68.16 75.88 NOTE
r-devel-linux-x86_64-debian-gcc 0.2.0 0.31 1.60 1.91 ERROR
r-devel-linux-x86_64-fedora-clang 0.2.0 100.73 NOTE
r-devel-linux-x86_64-fedora-gcc 0.2.0 86.99 NOTE
r-devel-windows-x86_64 0.2.0 8.00 72.00 80.00 NOTE
r-patched-linux-x86_64 0.2.0 7.86 65.24 73.10 NOTE
r-release-linux-x86_64 0.2.0 6.86 63.54 70.40 NOTE
r-release-macos-arm64 0.2.0 29.00 NOTE
r-release-macos-x86_64 0.2.0 45.00 NOTE
r-release-windows-x86_64 0.2.0 9.00 71.00 80.00 NOTE
r-oldrel-macos-arm64 0.2.0 29.00 NOTE
r-oldrel-macos-x86_64 0.2.0 47.00 NOTE
r-oldrel-windows-x86_64 0.2.0 10.00 81.00 91.00 NOTE

Check Details

Version: 0.2.0
Check: LazyData
Result: NOTE 'LazyData' is specified without a 'data' directory Flavors: r-devel-linux-x86_64-debian-clang, r-devel-linux-x86_64-fedora-clang, r-devel-linux-x86_64-fedora-gcc, r-devel-windows-x86_64, r-patched-linux-x86_64, r-release-linux-x86_64, r-release-macos-arm64, r-release-macos-x86_64, r-release-windows-x86_64, r-oldrel-macos-arm64, r-oldrel-macos-x86_64, r-oldrel-windows-x86_64

Version: 0.2.0
Check: package dependencies
Result: ERROR Packages required but not available: 'tibble', 'purrr' Package suggested but not available for checking: ‘testthat’ See section ‘The DESCRIPTION file’ in the ‘Writing R Extensions’ manual. Flavor: r-devel-linux-x86_64-debian-gcc