CRAN Package Check Results for Package SNPknock

Last updated on 2024-06-24 07:53:43 CEST.

Flavor Version Tinstall Tcheck Ttotal Status Flags
r-devel-linux-x86_64-debian-clang 0.8.2 80.72 215.64 296.36 NOTE
r-devel-linux-x86_64-debian-gcc 0.8.2 53.43 149.33 202.76 NOTE
r-devel-linux-x86_64-fedora-clang 0.8.2 409.12 NOTE
r-devel-linux-x86_64-fedora-gcc 0.8.2 406.03 NOTE
r-devel-windows-x86_64 0.8.2 69.00 182.00 251.00 NOTE
r-patched-linux-x86_64 0.8.2 65.78 198.34 264.12 NOTE
r-release-linux-x86_64 0.8.2 67.22 198.88 266.10 NOTE
r-release-macos-arm64 0.8.2 102.00 NOTE
r-release-macos-x86_64 0.8.2 135.00 NOTE
r-release-windows-x86_64 0.8.2 68.00 287.00 355.00 NOTE
r-oldrel-macos-arm64 0.8.2 116.00 NOTE
r-oldrel-macos-x86_64 0.8.2 179.00 NOTE
r-oldrel-windows-x86_64 0.8.2 81.00 230.00 311.00 NOTE

Check Details

Version: 0.8.2
Check: C++ specification
Result: NOTE Specified C++11: please drop specification unless essential Flavors: r-devel-linux-x86_64-debian-clang, r-devel-linux-x86_64-debian-gcc, r-devel-linux-x86_64-fedora-clang, r-devel-linux-x86_64-fedora-gcc, r-devel-windows-x86_64, r-patched-linux-x86_64, r-release-linux-x86_64, r-release-macos-arm64, r-release-macos-x86_64, r-release-windows-x86_64, r-oldrel-macos-arm64, r-oldrel-macos-x86_64, r-oldrel-windows-x86_64

Version: 0.8.2
Check: Rd files
Result: NOTE checkRd: (-1) knockoffGenotypes.Rd:32: Lost braces; missing escapes or markup? 32 | This function efficiently constructs group-knockoffs of {0,1,2} variables distributed | ^ checkRd: (-1) knockoffGenotypes.Rd:11: Lost braces; missing escapes or markup? 11 | \item{X}{a {0,1,2} matrix of size n-by-p containing the original variables.} | ^ checkRd: (-1) knockoffGenotypes.Rd:29: Lost braces; missing escapes or markup? 29 | A {0,1,2} matrix of size n-by-p containing the knockoff variables. | ^ Flavors: r-devel-linux-x86_64-debian-clang, r-devel-linux-x86_64-debian-gcc, r-devel-linux-x86_64-fedora-clang, r-devel-linux-x86_64-fedora-gcc, r-devel-windows-x86_64, r-patched-linux-x86_64, r-release-linux-x86_64, r-release-macos-arm64, r-release-macos-x86_64, r-release-windows-x86_64

Version: 0.8.2
Check: installed package size
Result: NOTE installed size is 6.1Mb sub-directories of 1Mb or more: extdata 3.1Mb libs 2.7Mb Flavors: r-release-macos-arm64, r-release-macos-x86_64, r-oldrel-macos-arm64, r-oldrel-macos-x86_64