CRAN Package Check Results for Package SIRE

Last updated on 2024-06-14 07:53:11 CEST.

Flavor Version Tinstall Tcheck Ttotal Status Flags
r-devel-linux-x86_64-debian-clang 1.1.0 3.03 31.12 34.15 OK
r-devel-linux-x86_64-debian-gcc 1.1.0 1.93 23.48 25.41 OK
r-devel-linux-x86_64-fedora-clang 1.1.0 45.43 NOTE
r-devel-linux-x86_64-fedora-gcc 1.1.0 40.10 NOTE
r-devel-windows-x86_64 1.1.0 4.00 43.00 47.00 OK
r-patched-linux-x86_64 1.1.0 2.83 30.04 32.87 OK
r-release-linux-x86_64 1.1.0 2.98 29.12 32.10 OK
r-release-macos-arm64 1.1.0 17.00 OK
r-release-macos-x86_64 1.1.0 29.00 OK
r-release-windows-x86_64 1.1.0 5.00 46.00 51.00 OK
r-oldrel-macos-arm64 1.1.0 19.00 OK
r-oldrel-macos-x86_64 1.1.0 24.00 OK
r-oldrel-windows-x86_64 1.1.0 4.00 47.00 51.00 OK

Check Details

Version: 1.1.0
Check: dependencies in R code
Result: NOTE Namespaces in Imports field not imported from: ‘dplyr’ ‘magrittr’ ‘psych’ ‘stringr’ All declared Imports should be used. Flavors: r-devel-linux-x86_64-fedora-clang, r-devel-linux-x86_64-fedora-gcc