CRAN Package Check Results for Package SC2API

Last updated on 2024-05-24 19:56:44 CEST.

Flavor Version Tinstall Tcheck Ttotal Status Flags
r-devel-linux-x86_64-debian-clang 1.0.0 3.54 49.75 53.29 NOTE
r-devel-linux-x86_64-debian-gcc 1.0.0 2.39 36.81 39.20 NOTE
r-devel-linux-x86_64-fedora-clang 1.0.0 68.44 NOTE
r-devel-linux-x86_64-fedora-gcc 1.0.0 75.30 NOTE
r-devel-windows-x86_64 1.0.0 4.00 65.00 69.00 NOTE
r-patched-linux-x86_64 1.0.0 3.74 47.83 51.57 NOTE
r-release-linux-x86_64 1.0.0 2.29 46.35 48.64 NOTE
r-release-macos-arm64 1.0.0 32.00 NOTE
r-release-windows-x86_64 1.0.0 4.00 65.00 69.00 NOTE
r-oldrel-macos-arm64 1.0.0 31.00 NOTE
r-oldrel-macos-x86_64 1.0.0 40.00 NOTE
r-oldrel-windows-x86_64 1.0.0 5.00 70.00 75.00 NOTE

Check Details

Version: 1.0.0
Check: LazyData
Result: NOTE 'LazyData' is specified without a 'data' directory Flavors: r-devel-linux-x86_64-debian-clang, r-devel-linux-x86_64-debian-gcc, r-devel-linux-x86_64-fedora-clang, r-devel-linux-x86_64-fedora-gcc, r-devel-windows-x86_64, r-patched-linux-x86_64, r-release-linux-x86_64, r-release-macos-arm64, r-release-windows-x86_64, r-oldrel-macos-arm64, r-oldrel-macos-x86_64, r-oldrel-windows-x86_64