Last updated on 2025-01-19 09:48:31 CET.
Flavor | Version | Tinstall | Tcheck | Ttotal | Status | Flags |
---|---|---|---|---|---|---|
r-devel-linux-x86_64-debian-clang | 0.24 | 557.80 | 41.87 | 599.67 | OK | |
r-devel-linux-x86_64-debian-gcc | 0.24 | 417.78 | 41.79 | 459.57 | OK | |
r-devel-linux-x86_64-fedora-clang | 0.24 | 1164.65 | OK | |||
r-devel-linux-x86_64-fedora-gcc | 0.24 | 1393.13 | OK | |||
r-devel-windows-x86_64 | 0.24 | 557.00 | 113.00 | 670.00 | OK | |
r-patched-linux-x86_64 | 0.24 | 582.34 | 51.48 | 633.82 | OK | |
r-release-linux-x86_64 | 0.24 | 588.18 | 51.53 | 639.71 | OK | |
r-release-macos-arm64 | 0.24 | 228.00 | NOTE | |||
r-release-macos-x86_64 | 0.24 | 207.00 | NOTE | |||
r-release-windows-x86_64 | 0.24 | 542.00 | 117.00 | 659.00 | OK | |
r-oldrel-macos-arm64 | 0.24 | 207.00 | NOTE | |||
r-oldrel-macos-x86_64 | 0.24 | 217.00 | NOTE | |||
r-oldrel-windows-x86_64 | 0.24 | 612.00 | 134.00 | 746.00 | OK |
Version: 0.24
Check: installed package size
Result: NOTE
installed size is 48.4Mb
sub-directories of 1Mb or more:
libs 47.2Mb
Flavors: r-release-macos-arm64, r-release-macos-x86_64, r-oldrel-macos-arm64, r-oldrel-macos-x86_64