CRAN Package Check Results for Package Rtrack

Last updated on 2024-07-20 08:49:52 CEST.

Flavor Version Tinstall Tcheck Ttotal Status Flags
r-devel-linux-x86_64-debian-clang 2.0.3 62.50 336.82 399.32 OK
r-devel-linux-x86_64-debian-gcc 2.0.3 50.57 240.71 291.28 OK
r-devel-linux-x86_64-fedora-clang 2.0.3 502.27 NOTE
r-devel-linux-x86_64-fedora-gcc 2.0.3 463.88 OK
r-devel-windows-x86_64 2.0.3 55.00 202.00 257.00 NOTE
r-patched-linux-x86_64 2.0.3 43.53 319.65 363.18 OK
r-release-linux-x86_64 2.0.3 46.31 310.61 356.92 OK
r-release-macos-arm64 2.0.3 115.00 NOTE
r-release-macos-x86_64 2.0.3 180.00 NOTE
r-release-windows-x86_64 2.0.3 56.00 200.00 256.00 NOTE
r-oldrel-macos-arm64 2.0.3 118.00 NOTE
r-oldrel-macos-x86_64 2.0.3 254.00 NOTE
r-oldrel-windows-x86_64 2.0.3 72.00 285.00 357.00 NOTE

Check Details

Version: 2.0.3
Check: installed package size
Result: NOTE installed size is 5.2Mb sub-directories of 1Mb or more: R 5.0Mb Flavors: r-devel-linux-x86_64-fedora-clang, r-devel-windows-x86_64, r-release-macos-arm64, r-release-macos-x86_64, r-release-windows-x86_64, r-oldrel-macos-arm64, r-oldrel-macos-x86_64, r-oldrel-windows-x86_64