CRAN Package Check Results for Package Rrepest

Last updated on 2024-04-24 07:57:52 CEST.

Flavor Version Tinstall Tcheck Ttotal Status Flags
r-devel-linux-x86_64-debian-clang 1.3.0 13.41 91.40 104.81 OK
r-devel-linux-x86_64-debian-gcc 1.3.0 9.71 66.44 76.15 OK
r-devel-linux-x86_64-fedora-clang 1.3.0 132.74 NOTE
r-devel-linux-x86_64-fedora-gcc 1.3.0 124.43 NOTE
r-prerel-macos-arm64 1.3.0 41.00 OK
r-prerel-windows-x86_64 1.3.0 11.00 82.00 93.00 OK
r-patched-linux-x86_64 1.3.0 7.91 83.88 91.79 OK
r-release-linux-x86_64 1.3.0 9.60 84.94 94.54 OK
r-release-macos-arm64 1.3.0 40.00 OK
r-release-macos-x86_64 1.3.0 106.00 OK
r-release-windows-x86_64 1.3.0 15.00 99.00 114.00 OK
r-oldrel-macos-arm64 1.3.0 41.00 OK
r-oldrel-windows-x86_64 1.3.0 16.00 103.00 119.00 OK

Check Details

Version: 1.3.0
Check: data for non-ASCII characters
Result: NOTE Note: found 192 marked UTF-8 strings Flavors: r-devel-linux-x86_64-fedora-clang, r-devel-linux-x86_64-fedora-gcc