Last updated on 2025-01-16 09:50:15 CET.
Flavor | Version | Tinstall | Tcheck | Ttotal | Status | Flags |
---|---|---|---|---|---|---|
r-devel-linux-x86_64-debian-clang | 0.6-0 | 30.61 | 106.31 | 136.92 | OK | |
r-devel-linux-x86_64-debian-gcc | 0.6-0 | 23.67 | 89.08 | 112.75 | OK | |
r-devel-linux-x86_64-fedora-clang | 0.6-0 | 233.86 | OK | |||
r-devel-linux-x86_64-fedora-gcc | 0.6-0 | 305.45 | OK | |||
r-devel-windows-x86_64 | 0.6-0 | 36.00 | 173.00 | 209.00 | OK | |
r-patched-linux-x86_64 | 0.6-0 | 32.05 | 115.54 | 147.59 | OK | |
r-release-linux-x86_64 | 0.6-0 | 32.75 | 114.14 | 146.89 | OK | |
r-release-macos-arm64 | 0.6-0 | 64.00 | NOTE | |||
r-release-macos-x86_64 | 0.6-0 | 111.00 | NOTE | |||
r-release-windows-x86_64 | 0.6-0 | 35.00 | 174.00 | 209.00 | OK | |
r-oldrel-macos-arm64 | 0.6-0 | 101.00 | NOTE | |||
r-oldrel-macos-x86_64 | 0.6-0 | 144.00 | NOTE | |||
r-oldrel-windows-x86_64 | 0.6-0 | 42.00 | 216.00 | 258.00 | OK |
Version: 0.6-0
Check: installed package size
Result: NOTE
installed size is 6.6Mb
sub-directories of 1Mb or more:
libs 6.0Mb
Flavors: r-release-macos-arm64, r-release-macos-x86_64, r-oldrel-macos-arm64, r-oldrel-macos-x86_64