CRAN Package Check Results for Package RcppMsgPack

Last updated on 2024-06-18 19:49:18 CEST.

Flavor Version Tinstall Tcheck Ttotal Status Flags
r-devel-linux-x86_64-debian-clang 0.2.3 55.34 79.04 134.38 NOTE
r-devel-linux-x86_64-debian-gcc 0.2.3 35.61 61.16 96.77 NOTE
r-devel-linux-x86_64-fedora-clang 0.2.3 177.38 NOTE
r-devel-linux-x86_64-fedora-gcc 0.2.3 198.67 NOTE
r-devel-windows-x86_64 0.2.3 53.00 111.00 164.00 NOTE
r-patched-linux-x86_64 0.2.3 44.60 79.65 124.25 NOTE
r-release-linux-x86_64 0.2.3 45.04 78.46 123.50 NOTE
r-release-macos-arm64 0.2.3 53.00 NOTE
r-release-macos-x86_64 0.2.3 123.00 NOTE
r-release-windows-x86_64 0.2.3 52.00 125.00 177.00 NOTE
r-oldrel-macos-arm64 0.2.3 60.00 NOTE
r-oldrel-macos-x86_64 0.2.3 94.00 NOTE
r-oldrel-windows-x86_64 0.2.3 51.00 124.00 175.00 NOTE

Check Details

Version: 0.2.3
Check: C++ specification
Result: NOTE Specified C++11: please drop specification unless essential Flavors: r-devel-linux-x86_64-debian-clang, r-devel-linux-x86_64-debian-gcc, r-devel-linux-x86_64-fedora-clang, r-devel-linux-x86_64-fedora-gcc, r-devel-windows-x86_64, r-patched-linux-x86_64, r-release-linux-x86_64, r-release-macos-arm64, r-release-macos-x86_64, r-release-windows-x86_64, r-oldrel-macos-arm64, r-oldrel-macos-x86_64, r-oldrel-windows-x86_64

Version: 0.2.3
Check: installed package size
Result: NOTE installed size is 7.7Mb sub-directories of 1Mb or more: include 7.0Mb Flavors: r-devel-linux-x86_64-fedora-clang, r-devel-windows-x86_64, r-release-macos-arm64, r-release-macos-x86_64, r-release-windows-x86_64, r-oldrel-macos-arm64, r-oldrel-macos-x86_64, r-oldrel-windows-x86_64