CRAN Package Check Results for Package RcppDist

Last updated on 2024-07-22 20:55:51 CEST.

Flavor Version Tinstall Tcheck Ttotal Status Flags
r-devel-linux-x86_64-debian-clang 0.1.1 49.24 40.29 89.53 NOTE
r-devel-linux-x86_64-debian-gcc 0.1.1 36.08 31.15 67.23 NOTE
r-devel-linux-x86_64-fedora-clang 0.1.1 138.70 NOTE
r-devel-linux-x86_64-fedora-gcc 0.1.1 148.05 NOTE
r-devel-windows-x86_64 0.1.1 40.00 82.00 122.00 NOTE
r-patched-linux-x86_64 0.1.1 53.15 38.65 91.80 NOTE
r-release-linux-x86_64 0.1.1 40.37 39.15 79.52 NOTE
r-release-macos-arm64 0.1.1 46.00 NOTE
r-release-macos-x86_64 0.1.1 56.00 NOTE
r-release-windows-x86_64 0.1.1 45.00 80.00 125.00 NOTE
r-oldrel-macos-arm64 0.1.1 48.00 NOTE
r-oldrel-macos-x86_64 0.1.1 75.00 NOTE
r-oldrel-windows-x86_64 0.1.1 56.00 87.00 143.00 NOTE

Check Details

Version: 0.1.1
Check: C++ specification
Result: NOTE Specified C++11: please drop specification unless essential Flavors: r-devel-linux-x86_64-debian-clang, r-devel-linux-x86_64-debian-gcc, r-devel-linux-x86_64-fedora-clang, r-devel-linux-x86_64-fedora-gcc, r-devel-windows-x86_64, r-patched-linux-x86_64, r-release-linux-x86_64, r-release-macos-arm64, r-release-macos-x86_64, r-release-windows-x86_64, r-oldrel-macos-arm64, r-oldrel-macos-x86_64, r-oldrel-windows-x86_64

Version: 0.1.1
Check: LazyData
Result: NOTE 'LazyData' is specified without a 'data' directory Flavors: r-devel-linux-x86_64-debian-clang, r-devel-linux-x86_64-debian-gcc, r-devel-linux-x86_64-fedora-clang, r-devel-linux-x86_64-fedora-gcc, r-devel-windows-x86_64, r-patched-linux-x86_64, r-release-linux-x86_64, r-release-macos-arm64, r-release-macos-x86_64, r-release-windows-x86_64, r-oldrel-macos-arm64, r-oldrel-macos-x86_64, r-oldrel-windows-x86_64