CRAN Package Check Results for Package RcppBDT

Last updated on 2024-06-18 19:49:18 CEST.

Flavor Version Tinstall Tcheck Ttotal Status Flags
r-devel-linux-x86_64-debian-clang 0.2.6 118.42 90.33 208.75 NOTE
r-devel-linux-x86_64-debian-gcc 0.2.6 83.22 63.35 146.57 NOTE
r-devel-linux-x86_64-fedora-clang 0.2.6 279.56 NOTE
r-devel-linux-x86_64-fedora-gcc 0.2.6 300.20 NOTE
r-devel-windows-x86_64 0.2.6 89.00 132.00 221.00 NOTE
r-patched-linux-x86_64 0.2.6 101.52 86.37 187.89 NOTE
r-release-linux-x86_64 0.2.6 101.90 85.50 187.40 NOTE
r-release-macos-arm64 0.2.6 56.00 NOTE
r-release-macos-x86_64 0.2.6 68.00 NOTE
r-release-windows-x86_64 0.2.6 93.00 117.00 210.00 NOTE
r-oldrel-macos-arm64 0.2.6 68.00 NOTE
r-oldrel-macos-x86_64 0.2.6 120.00 NOTE
r-oldrel-windows-x86_64 0.2.6 87.00 138.00 225.00 NOTE

Check Details

Version: 0.2.6
Check: C++ specification
Result: NOTE Specified C++11: please drop specification unless essential Flavors: r-devel-linux-x86_64-debian-clang, r-devel-linux-x86_64-debian-gcc, r-devel-linux-x86_64-fedora-clang, r-devel-linux-x86_64-fedora-gcc, r-devel-windows-x86_64, r-patched-linux-x86_64, r-release-linux-x86_64, r-release-macos-arm64, r-release-macos-x86_64, r-release-windows-x86_64, r-oldrel-macos-arm64, r-oldrel-macos-x86_64, r-oldrel-windows-x86_64

Version: 0.2.6
Check: installed package size
Result: NOTE installed size is 8.6Mb sub-directories of 1Mb or more: libs 8.4Mb Flavors: r-release-macos-arm64, r-release-macos-x86_64, r-oldrel-macos-arm64, r-oldrel-macos-x86_64