CRAN Package Check Results for Package RWDataPlyr

Last updated on 2024-06-13 07:50:44 CEST.

Flavor Version Tinstall Tcheck Ttotal Status Flags
r-devel-linux-x86_64-debian-clang 0.6.4 33.79 115.82 149.61 NOTE
r-devel-linux-x86_64-debian-gcc 0.6.4 0.51 1.84 2.35 ERROR
r-devel-linux-x86_64-fedora-clang 0.6.4 187.75 NOTE
r-devel-linux-x86_64-fedora-gcc 0.6.4 209.35 NOTE
r-devel-windows-x86_64 0.6.4 25.00 122.00 147.00 NOTE
r-patched-linux-x86_64 0.6.4 27.31 112.37 139.68 NOTE
r-release-linux-x86_64 0.6.4 18.49 113.05 131.54 NOTE
r-release-macos-arm64 0.6.4 60.00 NOTE
r-release-macos-x86_64 0.6.4 132.00 NOTE
r-release-windows-x86_64 0.6.4 26.00 125.00 151.00 NOTE
r-oldrel-macos-arm64 0.6.4 65.00 NOTE
r-oldrel-macos-x86_64 0.6.4 109.00 NOTE
r-oldrel-windows-x86_64 0.6.4 32.00 156.00 188.00 NOTE

Check Details

Version: 0.6.4
Check: C++ specification
Result: NOTE Specified C++11: please drop specification unless essential Flavors: r-devel-linux-x86_64-debian-clang, r-devel-linux-x86_64-fedora-clang, r-devel-linux-x86_64-fedora-gcc, r-devel-windows-x86_64, r-patched-linux-x86_64, r-release-linux-x86_64, r-release-macos-arm64, r-release-macos-x86_64, r-release-windows-x86_64, r-oldrel-macos-arm64, r-oldrel-macos-x86_64, r-oldrel-windows-x86_64

Version: 0.6.4
Check: package dependencies
Result: ERROR Packages required but not available: 'dplyr', 'tibble', 'tidyr', 'feather' Package suggested but not available for checking: ‘testthat’ See section ‘The DESCRIPTION file’ in the ‘Writing R Extensions’ manual. Flavor: r-devel-linux-x86_64-debian-gcc