Last updated on 2023-01-31 17:54:17 CET.
Flavor | Version | Tinstall | Tcheck | Ttotal | Status | Flags |
---|---|---|---|---|---|---|
r-devel-linux-x86_64-debian-clang | 0.2.3 | 28.59 | 33.84 | 62.43 | NOTE | |
r-devel-linux-x86_64-debian-gcc | 0.2.3 | 20.82 | 25.94 | 46.76 | NOTE | |
r-devel-linux-x86_64-fedora-clang | 0.2.3 | 90.10 | NOTE | |||
r-devel-linux-x86_64-fedora-gcc | 0.2.3 | 77.17 | NOTE | |||
r-devel-windows-x86_64 | 0.2.3 | 30.00 | 84.00 | 114.00 | NOTE | |
r-patched-linux-x86_64 | 0.2.3 | 24.71 | 33.05 | 57.76 | OK | |
r-release-linux-x86_64 | 0.2.3 | 24.08 | 33.28 | 57.36 | OK | |
r-release-macos-arm64 | 0.2.3 | 30.00 | OK | |||
r-release-macos-x86_64 | 0.2.3 | 37.00 | OK | |||
r-release-windows-x86_64 | 0.2.3 | 31.00 | 96.00 | 127.00 | OK | |
r-oldrel-macos-arm64 | 0.2.3 | 27.00 | OK | |||
r-oldrel-macos-x86_64 | 0.2.3 | 40.00 | OK | |||
r-oldrel-windows-ix86+x86_64 | 0.2.3 | 74.00 | 92.00 | 166.00 | OK |
Version: 0.2.3
Check: C++ specification
Result: NOTE
Specified C++11: please update to current default of C++17
Flavors: r-devel-linux-x86_64-debian-clang, r-devel-linux-x86_64-debian-gcc, r-devel-linux-x86_64-fedora-clang, r-devel-linux-x86_64-fedora-gcc, r-devel-windows-x86_64