Last updated on 2023-01-31 17:54:17 CET.
Flavor | Version | Tinstall | Tcheck | Ttotal | Status | Flags |
---|---|---|---|---|---|---|
r-devel-linux-x86_64-debian-clang | 4.0.8 | 328.55 | 171.64 | 500.19 | NOTE | |
r-devel-linux-x86_64-debian-gcc | 4.0.8 | 273.82 | 137.89 | 411.71 | NOTE | |
r-devel-linux-x86_64-fedora-clang | 4.0.8 | 737.90 | NOTE | |||
r-devel-linux-x86_64-fedora-gcc | 4.0.8 | 673.20 | NOTE | |||
r-devel-windows-x86_64 | 4.0.8 | 374.00 | 262.00 | 636.00 | NOTE | |
r-patched-linux-x86_64 | 4.0.8 | 283.26 | 167.81 | 451.07 | OK | |
r-release-linux-x86_64 | 4.0.8 | 287.19 | 173.34 | 460.53 | OK | |
r-release-macos-arm64 | 4.0.8 | 187.00 | NOTE | |||
r-release-macos-x86_64 | 4.0.8 | 232.00 | NOTE | |||
r-release-windows-x86_64 | 4.0.8 | 523.00 | 277.00 | 800.00 | OK | |
r-oldrel-macos-arm64 | 4.0.8 | 196.00 | NOTE | |||
r-oldrel-macos-x86_64 | 4.0.8 | 233.00 | NOTE | |||
r-oldrel-windows-ix86+x86_64 | 4.0.8 | 795.00 | 440.00 | 1235.00 | OK |
Version: 4.0.8
Check: C++ specification
Result: NOTE
Specified C++11: please update to current default of C++17
Flavors: r-devel-linux-x86_64-debian-clang, r-devel-linux-x86_64-debian-gcc, r-devel-linux-x86_64-fedora-clang, r-devel-linux-x86_64-fedora-gcc, r-devel-windows-x86_64
Version: 4.0.8
Check: installed package size
Result: NOTE
installed size is 29.1Mb
sub-directories of 1Mb or more:
libs 29.0Mb
Flavors: r-release-macos-arm64, r-release-macos-x86_64, r-oldrel-macos-arm64, r-oldrel-macos-x86_64