CRAN Package Check Results for Package RKHSMetaMod

Last updated on 2024-06-24 07:53:41 CEST.

Flavor Version Tinstall Tcheck Ttotal Status Flags
r-devel-linux-x86_64-debian-clang 1.1 312.05 36.14 348.19 OK
r-devel-linux-x86_64-debian-gcc 1.1 209.43 40.00 249.43 OK
r-devel-linux-x86_64-fedora-clang 1.1 411.74 OK
r-devel-linux-x86_64-fedora-gcc 1.1 517.72 OK
r-devel-windows-x86_64 1.1 197.00 92.00 289.00 OK
r-patched-linux-x86_64 1.1 255.62 49.21 304.83 OK
r-release-linux-x86_64 1.1 243.16 48.79 291.95 OK
r-release-macos-arm64 1.1 78.00 NOTE
r-release-macos-x86_64 1.1 78.00 NOTE
r-release-windows-x86_64 1.1 198.00 94.00 292.00 OK
r-oldrel-macos-arm64 1.1 99.00 NOTE
r-oldrel-macos-x86_64 1.1 154.00 NOTE
r-oldrel-windows-x86_64 1.1 237.00 97.00 334.00 OK

Additional issues

noSuggests

Check Details

Version: 1.1
Check: installed package size
Result: NOTE installed size is 27.8Mb sub-directories of 1Mb or more: libs 27.7Mb Flavors: r-release-macos-arm64, r-release-macos-x86_64, r-oldrel-macos-arm64, r-oldrel-macos-x86_64