CRAN Package Check Results for Package RHMS

Last updated on 2024-06-24 07:53:41 CEST.

Flavor Version Tinstall Tcheck Ttotal Status Flags
r-devel-linux-x86_64-debian-clang 1.7 12.04 96.77 108.81 NOTE
r-devel-linux-x86_64-debian-gcc 1.7 9.75 72.41 82.16 NOTE
r-devel-linux-x86_64-fedora-clang 1.7 137.12 NOTE
r-devel-linux-x86_64-fedora-gcc 1.7 129.26 NOTE
r-devel-windows-x86_64 1.7 12.00 91.00 103.00 NOTE
r-patched-linux-x86_64 1.7 12.27 94.45 106.72 NOTE
r-release-linux-x86_64 1.7 9.01 93.32 102.33 NOTE
r-release-macos-arm64 1.7 39.00 NOTE
r-release-macos-x86_64 1.7 69.00 NOTE
r-release-windows-x86_64 1.7 13.00 92.00 105.00 NOTE
r-oldrel-macos-arm64 1.7 40.00 OK
r-oldrel-macos-x86_64 1.7 61.00 OK
r-oldrel-windows-x86_64 1.7 14.00 110.00 124.00 OK

Check Details

Version: 1.7
Check: Rd files
Result: NOTE checkRd: (-1) reachRouting.Rd:15: Lost braces 15 | \item{inflow}{a vector of runoff (cms) presenting a runoff event generated by excess rainfall computed by \code{loss} methods or an object inherited from any of the following classes :{\code{transform} ; \code{reachRouting} ; \code{reservoirRouting}}.} | ^ checkRd: (-1) reachRouting.base.Rd:14: Lost braces 14 | \item{inflow}{a vector of runoff (cms) or an object inherited from any of the following classes :{\code{transform} ; \code{reachRouting} ; \code{reservoirRouting}}.} | ^ checkRd: (-1) reachRouting.default.Rd:21: Lost braces 21 | \item{inflow}{a vector of runoff (cms) or an object inherited from any of the following classes :{\code{transform} ; \code{reachRouting} ; \code{reservoirRouting}}.} | ^ checkRd: (-1) reservoirRouting.Rd:13: Lost braces 13 | \item{inflow}{a vector of in (cms) presenting a runoff event generated by excess rainfall computed by \code{loss} methods or an object inherited from any of the following classes :{\code{transform} ; \code{reachRouting} ; \code{reservoirRouting}}.} | ^ checkRd: (-1) reservoirRouting.base.Rd:13: Lost braces 13 | \item{inflow}{a vector of in (cms) presenting a runoff event generated by excess rainfall computed by \code{loss} methods or an object inherited from any of the following classes :{\code{transform} ; \code{reachRouting} ; \code{reservoirRouting}}.} | ^ checkRd: (-1) reservoirRouting.default.Rd:18: Lost braces 18 | \item{inflow}{a vector of in (cms) presenting a runoff event generated by excess rainfall computed by \code{loss} methods or an object inherited from any of the following classes :{\code{transform} ; \code{reachRouting} ; \code{reservoirRouting}}.} | ^ Flavors: r-devel-linux-x86_64-debian-clang, r-devel-linux-x86_64-debian-gcc, r-devel-linux-x86_64-fedora-clang, r-devel-linux-x86_64-fedora-gcc, r-devel-windows-x86_64, r-patched-linux-x86_64, r-release-linux-x86_64, r-release-macos-arm64, r-release-macos-x86_64, r-release-windows-x86_64