CRAN Package Check Results for Package RGremlinsConjoint

Last updated on 2024-05-30 07:59:03 CEST.

Flavor Version Tinstall Tcheck Ttotal Status Flags
r-devel-linux-x86_64-debian-clang 0.9.1 3.92 46.38 50.30 NOTE
r-devel-linux-x86_64-debian-gcc 0.9.1 3.06 34.27 37.33 NOTE
r-devel-linux-x86_64-fedora-clang 0.9.1 62.10 NOTE
r-devel-linux-x86_64-fedora-gcc 0.9.1 71.22 NOTE
r-devel-windows-x86_64 0.9.1 5.00 62.00 67.00 NOTE
r-patched-linux-x86_64 0.9.1 4.04 43.23 47.27 NOTE
r-release-linux-x86_64 0.9.1 3.71 43.57 47.28 NOTE
r-release-macos-arm64 0.9.1 30.00 NOTE
r-release-windows-x86_64 0.9.1 4.00 61.00 65.00 NOTE
r-oldrel-macos-arm64 0.9.1 38.00 OK
r-oldrel-macos-x86_64 0.9.1 75.00 OK
r-oldrel-windows-x86_64 0.9.1 5.00 67.00 72.00 OK

Check Details

Version: 0.9.1
Check: Rd files
Result: NOTE checkRd: (-1) code_sawtooth_design.Rd:53: Lost braces 53 | /url{http://www.sawtoothsoftware.com/help/lighthouse-studio/manual/index.html?hid_web_cbc_exporting.html} | ^ Flavors: r-devel-linux-x86_64-debian-clang, r-devel-linux-x86_64-debian-gcc, r-devel-linux-x86_64-fedora-clang, r-devel-linux-x86_64-fedora-gcc, r-devel-windows-x86_64, r-patched-linux-x86_64, r-release-linux-x86_64, r-release-macos-arm64, r-release-windows-x86_64